Last updated on 2022-08-15 08:50:11 CEST.
Flavor | Version | Tinstall | Tcheck | Ttotal | Status | Flags |
---|---|---|---|---|---|---|
r-devel-linux-x86_64-debian-clang | 1.0.1 | 2.14 | 41.49 | 43.63 | NOTE | |
r-devel-linux-x86_64-debian-gcc | 1.0.1 | 1.67 | 31.09 | 32.76 | NOTE | |
r-devel-linux-x86_64-fedora-clang | 1.0.1 | 63.41 | NOTE | |||
r-devel-linux-x86_64-fedora-gcc | 1.0.1 | 65.09 | NOTE | |||
r-devel-windows-x86_64 | 1.0.1 | 10.00 | 69.00 | 79.00 | NOTE | |
r-patched-linux-x86_64 | 1.0.1 | 1.58 | 39.72 | 41.30 | NOTE | |
r-release-linux-x86_64 | 1.0.1 | 1.82 | 40.49 | 42.31 | NOTE | |
r-release-macos-arm64 | 1.0.1 | 23.00 | NOTE | |||
r-release-macos-x86_64 | 1.0.1 | 33.00 | NOTE | |||
r-release-windows-x86_64 | 1.0.1 | 9.00 | 70.00 | 79.00 | NOTE | |
r-oldrel-macos-arm64 | 1.0.1 | 33.00 | NOTE | |||
r-oldrel-macos-x86_64 | 1.0.1 | 60.00 | NOTE | |||
r-oldrel-windows-ix86+x86_64 | 1.0.1 | 5.00 | 60.00 | 65.00 | NOTE |
Version: 1.0.1
Check: LazyData
Result: NOTE
'LazyData' is specified without a 'data' directory
Flavors: r-devel-linux-x86_64-debian-clang, r-devel-linux-x86_64-debian-gcc, r-devel-linux-x86_64-fedora-clang, r-devel-linux-x86_64-fedora-gcc, r-devel-windows-x86_64, r-patched-linux-x86_64, r-release-linux-x86_64, r-release-macos-arm64, r-release-macos-x86_64, r-release-windows-x86_64, r-oldrel-macos-arm64, r-oldrel-macos-x86_64, r-oldrel-windows-ix86+x86_64