Last updated on 2022-08-15 08:50:11 CEST.
Flavor | Version | Tinstall | Tcheck | Ttotal | Status | Flags |
---|---|---|---|---|---|---|
r-devel-linux-x86_64-debian-clang | 1.3.1 | 7.58 | 110.15 | 117.73 | OK | |
r-devel-linux-x86_64-debian-gcc | 1.3.1 | 5.82 | 80.41 | 86.23 | OK | |
r-devel-linux-x86_64-fedora-clang | 1.3.1 | 147.43 | NOTE | |||
r-devel-linux-x86_64-fedora-gcc | 1.3.1 | 147.19 | OK | |||
r-devel-windows-x86_64 | 1.3.1 | 54.00 | 144.00 | 198.00 | OK | |
r-patched-linux-x86_64 | 1.3.1 | 8.06 | 97.76 | 105.82 | OK | |
r-release-linux-x86_64 | 1.3.1 | 7.18 | 99.34 | 106.52 | OK | |
r-release-macos-arm64 | 1.3.1 | 48.00 | OK | |||
r-release-macos-x86_64 | 1.3.1 | 57.00 | OK | |||
r-release-windows-x86_64 | 1.3.1 | 60.00 | 134.00 | 194.00 | OK | |
r-oldrel-macos-arm64 | 1.3.1 | 43.00 | OK | |||
r-oldrel-macos-x86_64 | 1.3.1 | 59.00 | OK | |||
r-oldrel-windows-ix86+x86_64 | 1.3.1 | 19.00 | 126.00 | 145.00 | OK |
Version: 1.3.1
Check: Rd cross-references
Result: NOTE
Undeclared package ‘rlang’ in Rd xrefs
Flavor: r-devel-linux-x86_64-fedora-clang