Last updated on 2022-08-15 08:50:11 CEST.
Flavor | Version | Tinstall | Tcheck | Ttotal | Status | Flags |
---|---|---|---|---|---|---|
r-devel-linux-x86_64-debian-clang | 1.1.9 | 8.00 | 45.93 | 53.93 | NOTE | |
r-devel-linux-x86_64-debian-gcc | 1.1.9 | 5.50 | 34.89 | 40.39 | NOTE | |
r-devel-linux-x86_64-fedora-clang | 1.1.9 | 75.78 | NOTE | |||
r-devel-linux-x86_64-fedora-gcc | 1.1.9 | 78.00 | NOTE | |||
r-devel-windows-x86_64 | 1.1.9 | 37.00 | 68.00 | 105.00 | NOTE | |
r-patched-linux-x86_64 | 1.1.9 | 13.29 | 43.71 | 57.00 | NOTE | |
r-release-linux-x86_64 | 1.1.9 | 8.37 | 43.78 | 52.15 | NOTE | |
r-release-macos-arm64 | 1.1.9 | 19.00 | NOTE | |||
r-release-macos-x86_64 | 1.1.9 | 31.00 | NOTE | |||
r-release-windows-x86_64 | 1.1.9 | 43.00 | 68.00 | 111.00 | NOTE | |
r-oldrel-macos-arm64 | 1.1.9 | 24.00 | NOTE | |||
r-oldrel-macos-x86_64 | 1.1.9 | 38.00 | NOTE | |||
r-oldrel-windows-ix86+x86_64 | 1.1.9 | 20.00 | 69.00 | 89.00 | NOTE |
Version: 1.1.9
Check: LazyData
Result: NOTE
'LazyData' is specified without a 'data' directory
Flavors: r-devel-linux-x86_64-debian-clang, r-devel-linux-x86_64-debian-gcc, r-devel-linux-x86_64-fedora-clang, r-devel-linux-x86_64-fedora-gcc, r-devel-windows-x86_64, r-patched-linux-x86_64, r-release-linux-x86_64, r-release-macos-arm64, r-release-macos-x86_64, r-release-windows-x86_64, r-oldrel-macos-arm64, r-oldrel-macos-x86_64, r-oldrel-windows-ix86+x86_64