Last updated on 2022-08-15 08:50:11 CEST.
Flavor | Version | Tinstall | Tcheck | Ttotal | Status | Flags |
---|---|---|---|---|---|---|
r-devel-linux-x86_64-debian-clang | 0.3.5 | 4.15 | 40.23 | 44.38 | NOTE | |
r-devel-linux-x86_64-debian-gcc | 0.3.5 | 2.80 | 31.59 | 34.39 | NOTE | |
r-devel-linux-x86_64-fedora-clang | 0.3.5 | 66.26 | NOTE | |||
r-devel-linux-x86_64-fedora-gcc | 0.3.5 | 67.61 | NOTE | |||
r-devel-windows-x86_64 | 0.3.5 | 12.00 | 62.00 | 74.00 | NOTE | |
r-patched-linux-x86_64 | 0.3.5 | 4.54 | 39.83 | 44.37 | OK | |
r-release-linux-x86_64 | 0.3.5 | 4.34 | 40.11 | 44.45 | OK | |
r-release-macos-arm64 | 0.3.5 | 17.00 | OK | |||
r-release-macos-x86_64 | 0.3.5 | 28.00 | OK | |||
r-release-windows-x86_64 | 0.3.5 | 15.00 | 62.00 | 77.00 | OK | |
r-oldrel-macos-arm64 | 0.3.5 | 27.00 | OK | |||
r-oldrel-macos-x86_64 | 0.3.5 | 34.00 | OK | |||
r-oldrel-windows-ix86+x86_64 | 0.3.5 | 16.00 | 76.00 | 92.00 | OK |
Version: 0.3.5
Check: package subdirectories
Result: NOTE
Problems with news in 'NEWS.md':
No news entries found.
Flavors: r-devel-linux-x86_64-debian-clang, r-devel-linux-x86_64-debian-gcc, r-devel-linux-x86_64-fedora-clang, r-devel-linux-x86_64-fedora-gcc, r-devel-windows-x86_64