Last updated on 2022-08-15 08:50:11 CEST.
Flavor | Version | Tinstall | Tcheck | Ttotal | Status | Flags |
---|---|---|---|---|---|---|
r-devel-linux-x86_64-debian-clang | 2.0.0 | 22.18 | 157.76 | 179.94 | OK | |
r-devel-linux-x86_64-debian-gcc | 2.0.0 | 16.43 | 116.20 | 132.63 | OK | |
r-devel-linux-x86_64-fedora-clang | 2.0.0 | 221.53 | NOTE | |||
r-devel-linux-x86_64-fedora-gcc | 2.0.0 | 225.68 | OK | |||
r-devel-windows-x86_64 | 2.0.0 | 146.00 | 207.00 | 353.00 | NOTE | |
r-patched-linux-x86_64 | 2.0.0 | 15.37 | 144.59 | 159.96 | OK | |
r-release-linux-x86_64 | 2.0.0 | 13.43 | 143.62 | 157.05 | OK | |
r-release-macos-arm64 | 2.0.0 | 66.00 | NOTE | |||
r-release-macos-x86_64 | 2.0.0 | 108.00 | NOTE | |||
r-release-windows-x86_64 | 2.0.0 | 76.00 | 219.00 | 295.00 | NOTE | |
r-oldrel-macos-arm64 | 2.0.0 | 325.00 | NOTE | |||
r-oldrel-macos-x86_64 | 2.0.0 | 121.00 | NOTE | |||
r-oldrel-windows-ix86+x86_64 | 2.0.0 | 51.00 | 204.00 | 255.00 | NOTE |
Version: 2.0.0
Check: installed package size
Result: NOTE
installed size is 10.0Mb
sub-directories of 1Mb or more:
doc 7.1Mb
ubinc 2.0Mb
Flavors: r-devel-linux-x86_64-fedora-clang, r-devel-windows-x86_64, r-release-macos-arm64, r-release-macos-x86_64, r-release-windows-x86_64, r-oldrel-macos-arm64, r-oldrel-macos-x86_64, r-oldrel-windows-ix86+x86_64