Last updated on 2022-08-15 08:50:11 CEST.
Flavor | Version | Tinstall | Tcheck | Ttotal | Status | Flags |
---|---|---|---|---|---|---|
r-devel-linux-x86_64-debian-clang | 0.21 | 2.20 | 23.73 | 25.93 | NOTE | |
r-devel-linux-x86_64-debian-gcc | 0.21 | 1.57 | 18.82 | 20.39 | NOTE | |
r-devel-linux-x86_64-fedora-clang | 0.21 | 43.46 | NOTE | |||
r-devel-linux-x86_64-fedora-gcc | 0.21 | 43.61 | NOTE | |||
r-devel-windows-x86_64 | 0.21 | 10.00 | 51.00 | 61.00 | NOTE | |
r-patched-linux-x86_64 | 0.21 | 1.85 | 23.47 | 25.32 | NOTE | |
r-release-linux-x86_64 | 0.21 | 2.00 | 23.43 | 25.43 | NOTE | |
r-release-macos-arm64 | 0.21 | 15.00 | NOTE | |||
r-release-macos-x86_64 | 0.21 | 24.00 | NOTE | |||
r-release-windows-x86_64 | 0.21 | 13.00 | 52.00 | 65.00 | NOTE | |
r-oldrel-macos-arm64 | 0.21 | 19.00 | NOTE | |||
r-oldrel-macos-x86_64 | 0.21 | 23.00 | NOTE | |||
r-oldrel-windows-ix86+x86_64 | 0.21 | 5.00 | 44.00 | 49.00 | NOTE |
Version: 0.21
Check: LazyData
Result: NOTE
'LazyData' is specified without a 'data' directory
Flavors: r-devel-linux-x86_64-debian-clang, r-devel-linux-x86_64-debian-gcc, r-devel-linux-x86_64-fedora-clang, r-devel-linux-x86_64-fedora-gcc, r-devel-windows-x86_64, r-patched-linux-x86_64, r-release-linux-x86_64, r-release-macos-arm64, r-release-macos-x86_64, r-release-windows-x86_64, r-oldrel-macos-arm64, r-oldrel-macos-x86_64, r-oldrel-windows-ix86+x86_64