Last updated on 2022-08-15 08:50:11 CEST.
Flavor | Version | Tinstall | Tcheck | Ttotal | Status | Flags |
---|---|---|---|---|---|---|
r-devel-linux-x86_64-debian-clang | 1.5 | 5.58 | 65.45 | 71.03 | NOTE | |
r-devel-linux-x86_64-debian-gcc | 1.5 | 6.19 | 51.52 | 57.71 | NOTE | |
r-devel-linux-x86_64-fedora-clang | 1.5 | 100.42 | NOTE | |||
r-devel-linux-x86_64-fedora-gcc | 1.5 | 98.35 | NOTE | |||
r-devel-windows-x86_64 | 1.5 | 33.00 | 87.00 | 120.00 | NOTE | |
r-patched-linux-x86_64 | 1.5 | 5.89 | 63.90 | 69.79 | NOTE | |
r-release-linux-x86_64 | 1.5 | 7.92 | 64.05 | 71.97 | NOTE | |
r-release-macos-arm64 | 1.5 | 31.00 | NOTE | |||
r-release-macos-x86_64 | 1.5 | 40.00 | NOTE | |||
r-release-windows-x86_64 | 1.5 | 32.00 | 83.00 | 115.00 | NOTE | |
r-oldrel-macos-arm64 | 1.5 | 34.00 | NOTE | |||
r-oldrel-macos-x86_64 | 1.5 | 57.00 | NOTE | |||
r-oldrel-windows-ix86+x86_64 | 1.5 | 18.00 | 84.00 | 102.00 | NOTE |
Version: 1.5
Check: LazyData
Result: NOTE
'LazyData' is specified without a 'data' directory
Flavors: r-devel-linux-x86_64-debian-clang, r-devel-linux-x86_64-debian-gcc, r-devel-linux-x86_64-fedora-clang, r-devel-linux-x86_64-fedora-gcc, r-devel-windows-x86_64, r-patched-linux-x86_64, r-release-linux-x86_64, r-release-macos-arm64, r-release-macos-x86_64, r-release-windows-x86_64, r-oldrel-macos-arm64, r-oldrel-macos-x86_64, r-oldrel-windows-ix86+x86_64