Last updated on 2022-08-15 08:50:11 CEST.
Flavor | Version | Tinstall | Tcheck | Ttotal | Status | Flags |
---|---|---|---|---|---|---|
r-devel-linux-x86_64-debian-clang | 0.2.2 | 4.22 | 85.45 | 89.67 | OK | |
r-devel-linux-x86_64-debian-gcc | 0.2.2 | 3.73 | 63.10 | 66.83 | OK | |
r-devel-linux-x86_64-fedora-clang | 0.2.2 | 113.02 | OK | |||
r-devel-linux-x86_64-fedora-gcc | 0.2.2 | 109.73 | OK | |||
r-devel-windows-x86_64 | 0.2.2 | 37.00 | 123.00 | 160.00 | OK | |
r-patched-linux-x86_64 | 0.2.2 | 5.93 | 76.87 | 82.80 | OK | |
r-release-linux-x86_64 | 0.2.2 | 5.44 | 77.48 | 82.92 | OK | |
r-release-macos-arm64 | 0.2.2 | 31.00 | NOTE | |||
r-release-macos-x86_64 | 0.2.2 | 46.00 | OK | |||
r-release-windows-x86_64 | 0.2.2 | 23.00 | 99.00 | 122.00 | OK | |
r-oldrel-macos-arm64 | 0.2.2 | 33.00 | OK | |||
r-oldrel-macos-x86_64 | 0.2.2 | 54.00 | OK | |||
r-oldrel-windows-ix86+x86_64 | 0.2.2 | 9.00 | 102.00 | 111.00 | OK |
Version: 0.2.2
Check: package dependencies
Result: NOTE
Package suggested but not available for checking: ‘terra’
Flavor: r-release-macos-arm64
Version: 0.2.2
Check: Rd cross-references
Result: NOTE
Package unavailable to check Rd xrefs: ‘terra’
Flavor: r-release-macos-arm64