Last updated on 2022-08-15 08:50:11 CEST.
Flavor | Version | Tinstall | Tcheck | Ttotal | Status | Flags |
---|---|---|---|---|---|---|
r-devel-linux-x86_64-debian-clang | 1.1.1 | 5.22 | 121.43 | 126.65 | OK | |
r-devel-linux-x86_64-debian-gcc | 1.1.1 | 4.66 | 80.99 | 85.65 | OK | |
r-devel-linux-x86_64-fedora-clang | 1.1.1 | 157.69 | NOTE | |||
r-devel-linux-x86_64-fedora-gcc | 1.1.1 | 143.57 | NOTE | |||
r-devel-windows-x86_64 | 1.1.1 | 66.00 | 164.00 | 230.00 | OK | |
r-patched-linux-x86_64 | 1.1.1 | 8.72 | 114.15 | 122.87 | OK | |
r-release-linux-x86_64 | 1.1.1 | 4.58 | 113.18 | 117.76 | OK | |
r-release-macos-arm64 | 1.1.1 | 42.00 | NOTE | |||
r-release-macos-x86_64 | 1.1.1 | 59.00 | NOTE | |||
r-release-windows-x86_64 | 1.1.1 | 54.00 | 169.00 | 223.00 | OK | |
r-oldrel-macos-arm64 | 1.1.1 | 36.00 | NOTE | |||
r-oldrel-macos-x86_64 | 1.1.1 | 58.00 | NOTE | |||
r-oldrel-windows-ix86+x86_64 | 1.1.1 | 12.00 | 160.00 | 172.00 | OK |
Version: 1.1.1
Check: dependencies in R code
Result: NOTE
Namespaces in Imports field not imported from:
‘extraDistr’ ‘logitnorm’ ‘nakagami’ ‘tibble’
All declared Imports should be used.
Flavors: r-devel-linux-x86_64-fedora-clang, r-devel-linux-x86_64-fedora-gcc, r-release-macos-arm64, r-release-macos-x86_64, r-oldrel-macos-arm64, r-oldrel-macos-x86_64