Last updated on 2022-08-15 08:50:11 CEST.
Flavor | Version | Tinstall | Tcheck | Ttotal | Status | Flags |
---|---|---|---|---|---|---|
r-devel-linux-x86_64-debian-clang | 1.0 | 2.89 | 30.86 | 33.75 | ERROR | |
r-devel-linux-x86_64-debian-gcc | 1.0-2 | 2.40 | 24.85 | 27.25 | OK | |
r-devel-linux-x86_64-fedora-clang | 1.0-2 | 54.37 | OK | |||
r-devel-linux-x86_64-fedora-gcc | 1.0-2 | 53.41 | OK | |||
r-devel-windows-x86_64 | 1.0-2 | 12.00 | 62.00 | 74.00 | OK | |
r-patched-linux-x86_64 | 1.0-2 | 3.47 | 30.66 | 34.13 | OK | |
r-release-linux-x86_64 | 1.0-2 | 2.84 | 31.24 | 34.08 | OK | |
r-release-macos-arm64 | 1.0-2 | 18.00 | OK | |||
r-release-macos-x86_64 | 1.0-2 | 27.00 | OK | |||
r-release-windows-x86_64 | 1.0-2 | 9.00 | 56.00 | 65.00 | OK | |
r-oldrel-macos-arm64 | 1.0-2 | 19.00 | OK | |||
r-oldrel-macos-x86_64 | 1.0-2 | 31.00 | OK | |||
r-oldrel-windows-ix86+x86_64 | 1.0-2 | 6.00 | 55.00 | 61.00 | OK |
Version: 1.0
Check: LazyData
Result: NOTE
'LazyData' is specified without a 'data' directory
Flavor: r-devel-linux-x86_64-debian-clang
Version: 1.0
Check: re-building of vignette outputs
Result: ERROR
Error(s) in re-building vignettes:
...
--- re-building 'overview.Rmd' using knitr
Quitting from lines 56-58 (overview.Rmd)
Error: processing vignette 'overview.Rmd' failed with diagnostics:
'length = 25' in coercion to 'logical(1)'
--- failed re-building 'overview.Rmd'
SUMMARY: processing the following file failed:
'overview.Rmd'
Error: Vignette re-building failed.
Execution halted
Flavor: r-devel-linux-x86_64-debian-clang