Last updated on 2022-08-15 08:50:11 CEST.
Flavor | Version | Tinstall | Tcheck | Ttotal | Status | Flags |
---|---|---|---|---|---|---|
r-devel-linux-x86_64-debian-clang | 0.1.0 | 11.48 | 69.90 | 81.38 | NOTE | |
r-devel-linux-x86_64-debian-gcc | 0.1.0 | 8.31 | 50.27 | 58.58 | NOTE | |
r-devel-linux-x86_64-fedora-clang | 0.1.0 | 104.06 | NOTE | |||
r-devel-linux-x86_64-fedora-gcc | 0.1.0 | 109.39 | NOTE | |||
r-devel-windows-x86_64 | 0.1.0 | 27.00 | 90.00 | 117.00 | OK | |
r-patched-linux-x86_64 | 0.1.0 | 15.86 | 63.43 | 79.29 | OK | |
r-release-linux-x86_64 | 0.1.0 | 6.20 | 65.04 | 71.24 | OK | |
r-release-macos-arm64 | 0.1.0 | 28.00 | NOTE | |||
r-release-macos-x86_64 | 0.1.0 | 52.00 | NOTE | |||
r-release-windows-x86_64 | 0.1.0 | 18.00 | 92.00 | 110.00 | OK | |
r-oldrel-macos-arm64 | 0.1.0 | 34.00 | NOTE | |||
r-oldrel-macos-x86_64 | 0.1.0 | 56.00 | NOTE | |||
r-oldrel-windows-ix86+x86_64 | 0.1.0 | 20.00 | 86.00 | 106.00 | OK |
Version: 0.1.0
Check: HTML version of manual
Result: NOTE
Found the following HTML validation problems:
Century.html:62:6: Warning: missing </span> before <p>
Century.html:62:99: Warning: inserting implicit <span>
Century.html:65:6: Warning: missing </span> before <p>
Century.html:65:90: Warning: inserting implicit <span>
Century.html:62:6: Warning: trimming empty <span>
Century.html:65:6: Warning: trimming empty <span>
Decade.html:62:6: Warning: missing </span> before <p>
Decade.html:62:99: Warning: inserting implicit <span>
Decade.html:65:6: Warning: missing </span> before <p>
Decade.html:65:90: Warning: inserting implicit <span>
Decade.html:62:6: Warning: trimming empty <span>
Decade.html:65:6: Warning: trimming empty <span>
Year.html:65:6: Warning: missing </span> before <p>
Year.html:65:99: Warning: inserting implicit <span>
Year.html:65:6: Warning: trimming empty <span>
Flavors: r-devel-linux-x86_64-debian-clang, r-devel-linux-x86_64-debian-gcc, r-devel-linux-x86_64-fedora-clang, r-devel-linux-x86_64-fedora-gcc
Version: 0.1.0
Check: data for non-ASCII characters
Result: NOTE
Note: found 3345 marked UTF-8 strings
Flavors: r-devel-linux-x86_64-fedora-clang, r-devel-linux-x86_64-fedora-gcc, r-release-macos-arm64, r-release-macos-x86_64, r-oldrel-macos-arm64, r-oldrel-macos-x86_64