Last updated on 2022-08-15 08:50:11 CEST.
Flavor | Version | Tinstall | Tcheck | Ttotal | Status | Flags |
---|---|---|---|---|---|---|
r-devel-linux-x86_64-debian-clang | 0.3.0 | 5.35 | 44.23 | 49.58 | OK | |
r-devel-linux-x86_64-debian-gcc | 0.3.0 | 5.20 | 34.01 | 39.21 | OK | |
r-devel-linux-x86_64-fedora-clang | 0.3.0 | 73.19 | NOTE | |||
r-devel-linux-x86_64-fedora-gcc | 0.3.0 | 75.17 | NOTE | |||
r-devel-windows-x86_64 | 0.3.0 | 15.00 | 74.00 | 89.00 | OK | |
r-patched-linux-x86_64 | 0.3.0 | 6.11 | 42.28 | 48.39 | OK | |
r-release-linux-x86_64 | 0.3.0 | 5.50 | 42.21 | 47.71 | OK | |
r-release-macos-arm64 | 0.3.0 | 30.00 | NOTE | |||
r-release-macos-x86_64 | 0.3.0 | 35.00 | NOTE | |||
r-release-windows-x86_64 | 0.3.0 | 13.00 | 77.00 | 90.00 | OK | |
r-oldrel-macos-arm64 | 0.3.0 | 39.00 | NOTE | |||
r-oldrel-macos-x86_64 | 0.3.0 | 54.00 | NOTE | |||
r-oldrel-windows-ix86+x86_64 | 0.3.0 | 12.00 | 67.00 | 79.00 | OK |
Version: 0.3.0
Check: data for non-ASCII characters
Result: NOTE
Note: found 7872 marked UTF-8 strings
Flavors: r-devel-linux-x86_64-fedora-clang, r-devel-linux-x86_64-fedora-gcc, r-release-macos-arm64, r-release-macos-x86_64, r-oldrel-macos-arm64, r-oldrel-macos-x86_64