Last updated on 2022-08-15 08:50:11 CEST.
Flavor | Version | Tinstall | Tcheck | Ttotal | Status | Flags |
---|---|---|---|---|---|---|
r-devel-linux-x86_64-debian-clang | 1.0.1 | 1.58 | 22.57 | 24.15 | OK | |
r-devel-linux-x86_64-debian-gcc | 1.0.1 | 1.70 | 17.90 | 19.60 | OK | |
r-devel-linux-x86_64-fedora-clang | 1.0.1 | 41.50 | NOTE | |||
r-devel-linux-x86_64-fedora-gcc | 1.0.1 | 42.45 | NOTE | |||
r-devel-windows-x86_64 | 1.0.1 | 7.00 | 50.00 | 57.00 | OK | |
r-patched-linux-x86_64 | 1.0.1 | 1.48 | 22.40 | 23.88 | OK | |
r-release-linux-x86_64 | 1.0.1 | 1.40 | 22.10 | 23.50 | OK | |
r-release-macos-arm64 | 1.0.1 | 16.00 | NOTE | |||
r-release-macos-x86_64 | 1.0.1 | 24.00 | NOTE | |||
r-release-windows-x86_64 | 1.0.1 | 6.00 | 50.00 | 56.00 | OK | |
r-oldrel-macos-arm64 | 1.0.1 | 19.00 | NOTE | |||
r-oldrel-macos-x86_64 | 1.0.1 | 25.00 | NOTE | |||
r-oldrel-windows-ix86+x86_64 | 1.0.1 | 6.00 | 44.00 | 50.00 | OK |
Version: 1.0.1
Check: data for non-ASCII characters
Result: NOTE
Note: found 2 marked UTF-8 strings
Flavors: r-devel-linux-x86_64-fedora-clang, r-devel-linux-x86_64-fedora-gcc, r-release-macos-arm64, r-release-macos-x86_64, r-oldrel-macos-arm64, r-oldrel-macos-x86_64