Last updated on 2022-08-15 08:50:11 CEST.
Flavor | Version | Tinstall | Tcheck | Ttotal | Status | Flags |
---|---|---|---|---|---|---|
r-devel-linux-x86_64-debian-clang | 0.6.0 | 2.12 | 75.55 | 77.67 | OK | |
r-devel-linux-x86_64-debian-gcc | 0.6.0 | 2.42 | 56.97 | 59.39 | OK | |
r-devel-linux-x86_64-fedora-clang | 0.6.0 | 101.71 | NOTE | |||
r-devel-linux-x86_64-fedora-gcc | 0.6.0 | 105.89 | NOTE | |||
r-devel-windows-x86_64 | 0.6.0 | 18.00 | 122.00 | 140.00 | OK | |
r-patched-linux-x86_64 | 0.6.0 | 3.88 | 70.83 | 74.71 | OK | |
r-release-linux-x86_64 | 0.6.0 | 2.79 | 70.14 | 72.93 | OK | |
r-release-macos-arm64 | 0.6.0 | 38.00 | NOTE | |||
r-release-macos-x86_64 | 0.6.0 | 51.00 | NOTE | |||
r-release-windows-x86_64 | 0.6.0 | 24.00 | 127.00 | 151.00 | OK | |
r-oldrel-macos-arm64 | 0.6.0 | 42.00 | NOTE | |||
r-oldrel-macos-x86_64 | 0.6.0 | 52.00 | NOTE | |||
r-oldrel-windows-ix86+x86_64 | 0.6.0 | 7.00 | 106.00 | 113.00 | OK |
Version: 0.6.0
Check: data for non-ASCII characters
Result: NOTE
Note: found 1 marked UTF-8 string
Flavors: r-devel-linux-x86_64-fedora-clang, r-devel-linux-x86_64-fedora-gcc, r-release-macos-arm64, r-release-macos-x86_64, r-oldrel-macos-arm64, r-oldrel-macos-x86_64