Last updated on 2022-08-15 08:50:11 CEST.
Flavor | Version | Tinstall | Tcheck | Ttotal | Status | Flags |
---|---|---|---|---|---|---|
r-devel-linux-x86_64-debian-clang | 0.2.1 | 3.06 | 36.96 | 40.02 | NOTE | |
r-devel-linux-x86_64-debian-gcc | 0.2.1 | 2.68 | 28.77 | 31.45 | NOTE | |
r-devel-linux-x86_64-fedora-clang | 0.2.1 | 60.14 | NOTE | |||
r-devel-linux-x86_64-fedora-gcc | 0.2.1 | 61.02 | NOTE | |||
r-devel-windows-x86_64 | 0.2.1 | 17.00 | 70.00 | 87.00 | NOTE | |
r-patched-linux-x86_64 | 0.2.1 | 4.02 | 35.84 | 39.86 | NOTE | |
r-release-linux-x86_64 | 0.2.1 | 3.48 | 35.81 | 39.29 | NOTE | |
r-release-macos-arm64 | 0.2.1 | 18.00 | NOTE | |||
r-release-macos-x86_64 | 0.2.1 | 33.00 | NOTE | |||
r-release-windows-x86_64 | 0.2.1 | 25.00 | 64.00 | 89.00 | NOTE | |
r-oldrel-macos-arm64 | 0.2.1 | 22.00 | NOTE | |||
r-oldrel-macos-x86_64 | 0.2.1 | 28.00 | NOTE | |||
r-oldrel-windows-ix86+x86_64 | 0.2.1 | 9.00 | 56.00 | 65.00 | NOTE |
Version: 0.2.1
Check: LazyData
Result: NOTE
'LazyData' is specified without a 'data' directory
Flavors: r-devel-linux-x86_64-debian-clang, r-devel-linux-x86_64-debian-gcc, r-devel-linux-x86_64-fedora-clang, r-devel-linux-x86_64-fedora-gcc, r-devel-windows-x86_64, r-patched-linux-x86_64, r-release-linux-x86_64, r-release-macos-arm64, r-release-macos-x86_64, r-release-windows-x86_64, r-oldrel-macos-arm64, r-oldrel-macos-x86_64, r-oldrel-windows-ix86+x86_64