Last updated on 2022-08-15 08:50:11 CEST.
Flavor | Version | Tinstall | Tcheck | Ttotal | Status | Flags |
---|---|---|---|---|---|---|
r-devel-linux-x86_64-debian-clang | 1.0.5 | 1.67 | 21.97 | 23.64 | NOTE | |
r-devel-linux-x86_64-debian-gcc | 1.0.5 | 1.58 | 17.28 | 18.86 | NOTE | |
r-devel-linux-x86_64-fedora-clang | 1.0.5 | 41.93 | NOTE | |||
r-devel-linux-x86_64-fedora-gcc | 1.0.5 | 42.83 | NOTE | |||
r-devel-windows-x86_64 | 1.0.5 | 8.00 | 54.00 | 62.00 | NOTE | |
r-patched-linux-x86_64 | 1.0.5 | 2.20 | 21.52 | 23.72 | NOTE | |
r-release-linux-x86_64 | 1.0.5 | 1.93 | 21.75 | 23.68 | NOTE | |
r-release-macos-arm64 | 1.0.5 | 15.00 | NOTE | |||
r-release-macos-x86_64 | 1.0.5 | 20.00 | NOTE | |||
r-release-windows-x86_64 | 1.0.5 | 8.00 | 54.00 | 62.00 | NOTE | |
r-oldrel-macos-arm64 | 1.0.5 | 21.00 | NOTE | |||
r-oldrel-macos-x86_64 | 1.0.5 | 27.00 | NOTE | |||
r-oldrel-windows-ix86+x86_64 | 1.0.5 | 6.00 | 41.00 | 47.00 | NOTE |
Version: 1.0.5
Check: package dependencies
Result: NOTE
Packages suggested but not available for checking: 'vaers', 'vaersND'
Flavors: r-devel-linux-x86_64-debian-clang, r-devel-linux-x86_64-debian-gcc, r-devel-linux-x86_64-fedora-clang, r-devel-linux-x86_64-fedora-gcc, r-devel-windows-x86_64, r-patched-linux-x86_64, r-release-linux-x86_64, r-release-macos-arm64, r-release-macos-x86_64, r-release-windows-x86_64, r-oldrel-macos-x86_64, r-oldrel-windows-ix86+x86_64
Version: 1.0.5
Check: package dependencies
Result: NOTE
Packages suggested but not available for checking:
'vaersNDvax', 'vaers', 'vaersND'
Flavor: r-oldrel-macos-arm64