Last updated on 2022-08-15 08:50:11 CEST.
Flavor | Version | Tinstall | Tcheck | Ttotal | Status | Flags |
---|---|---|---|---|---|---|
r-devel-linux-x86_64-debian-clang | 1.0.1 | 4.53 | 69.97 | 74.50 | NOTE | |
r-devel-linux-x86_64-debian-gcc | 1.0.1 | 4.58 | 54.36 | 58.94 | NOTE | |
r-devel-linux-x86_64-fedora-clang | 1.0.1 | 99.50 | NOTE | |||
r-devel-linux-x86_64-fedora-gcc | 1.0.1 | 103.82 | NOTE | |||
r-devel-windows-x86_64 | 1.0.1 | 47.00 | 100.00 | 147.00 | NOTE | |
r-patched-linux-x86_64 | 1.0.1 | 4.42 | 67.93 | 72.35 | NOTE | |
r-release-linux-x86_64 | 1.0.1 | 5.45 | 67.41 | 72.86 | NOTE | |
r-release-macos-arm64 | 1.0.1 | 26.00 | NOTE | |||
r-release-macos-x86_64 | 1.0.1 | 40.00 | NOTE | |||
r-release-windows-x86_64 | 1.0.1 | 59.00 | 105.00 | 164.00 | NOTE | |
r-oldrel-macos-arm64 | 1.0.1 | 28.00 | NOTE | |||
r-oldrel-macos-x86_64 | 1.0.1 | 52.00 | NOTE | |||
r-oldrel-windows-ix86+x86_64 | 1.0.1 | 10.00 | 90.00 | 100.00 | NOTE |
Version: 1.0.1
Check: LazyData
Result: NOTE
'LazyData' is specified without a 'data' directory
Flavors: r-devel-linux-x86_64-debian-clang, r-devel-linux-x86_64-debian-gcc, r-devel-linux-x86_64-fedora-clang, r-devel-linux-x86_64-fedora-gcc, r-devel-windows-x86_64, r-patched-linux-x86_64, r-release-linux-x86_64, r-release-macos-arm64, r-release-macos-x86_64, r-release-windows-x86_64, r-oldrel-macos-arm64, r-oldrel-macos-x86_64, r-oldrel-windows-ix86+x86_64