Last updated on 2022-08-15 08:50:11 CEST.
Flavor | Version | Tinstall | Tcheck | Ttotal | Status | Flags |
---|---|---|---|---|---|---|
r-devel-linux-x86_64-debian-clang | 1.2.1 | 3.35 | 41.34 | 44.69 | NOTE | |
r-devel-linux-x86_64-debian-gcc | 1.2.1 | 2.89 | 30.34 | 33.23 | NOTE | |
r-devel-linux-x86_64-fedora-clang | 1.2.1 | 63.07 | NOTE | |||
r-devel-linux-x86_64-fedora-gcc | 1.2.1 | 64.55 | NOTE | |||
r-devel-windows-x86_64 | 1.2.1 | 12.00 | 65.00 | 77.00 | OK | |
r-patched-linux-x86_64 | 1.2.1 | 3.15 | 38.56 | 41.71 | NOTE | |
r-release-linux-x86_64 | 1.2.1 | 3.69 | 38.59 | 42.28 | NOTE | |
r-release-macos-arm64 | 1.2.1 | 19.00 | OK | |||
r-release-macos-x86_64 | 1.2.1 | 28.00 | OK | |||
r-release-windows-x86_64 | 1.2.1 | 13.00 | 69.00 | 82.00 | OK | |
r-oldrel-macos-arm64 | 1.2.1 | 21.00 | OK | |||
r-oldrel-macos-x86_64 | 1.2.1 | 37.00 | OK | |||
r-oldrel-windows-ix86+x86_64 | 1.2.1 | 7.00 | 60.00 | 67.00 | OK |
Version: 1.2.1
Check: for non-standard things in the check directory
Result: NOTE
Found the following files/directories:
'PredValidationPlots.pdf' 'RepStructValidationPlots.pdf'
Flavors: r-devel-linux-x86_64-debian-clang, r-devel-linux-x86_64-debian-gcc, r-devel-linux-x86_64-fedora-clang, r-devel-linux-x86_64-fedora-gcc, r-patched-linux-x86_64, r-release-linux-x86_64