Last updated on 2022-08-15 08:50:11 CEST.
Flavor | Version | Tinstall | Tcheck | Ttotal | Status | Flags |
---|---|---|---|---|---|---|
r-devel-linux-x86_64-debian-clang | 1.5-6 | 8.39 | 70.85 | 79.24 | NOTE | |
r-devel-linux-x86_64-debian-gcc | 1.5-6 | 7.70 | 52.25 | 59.95 | NOTE | |
r-devel-linux-x86_64-fedora-clang | 1.5-6 | 104.49 | NOTE | |||
r-devel-linux-x86_64-fedora-gcc | 1.5-6 | 103.22 | NOTE | |||
r-devel-windows-x86_64 | 1.5-6 | 36.00 | 99.00 | 135.00 | NOTE | |
r-patched-linux-x86_64 | 1.5-6 | 8.52 | 64.42 | 72.94 | OK | |
r-release-linux-x86_64 | 1.5-6 | 7.43 | 65.29 | 72.72 | OK | |
r-release-macos-arm64 | 1.5-6 | 70.00 | OK | |||
r-release-macos-x86_64 | 1.5-6 | 57.00 | OK | |||
r-release-windows-x86_64 | 1.5-6 | 44.00 | 101.00 | 145.00 | OK | |
r-oldrel-macos-arm64 | 1.5-6 | 27.00 | OK | |||
r-oldrel-macos-x86_64 | 1.5-6 | 40.00 | OK | |||
r-oldrel-windows-ix86+x86_64 | 1.5-6 | 17.00 | 88.00 | 105.00 | OK |
Version: 1.5-6
Check: Rd files
Result: NOTE
checkRd: (-1) irf.Rd:111: Escaped LaTeX specials: \&
Flavors: r-devel-linux-x86_64-debian-clang, r-devel-linux-x86_64-debian-gcc, r-devel-linux-x86_64-fedora-clang, r-devel-linux-x86_64-fedora-gcc, r-devel-windows-x86_64