Last updated on 2022-08-15 08:50:11 CEST.
Flavor | Version | Tinstall | Tcheck | Ttotal | Status | Flags |
---|---|---|---|---|---|---|
r-devel-linux-x86_64-debian-clang | 1.0.1 | 32.77 | 79.82 | 112.59 | NOTE | |
r-devel-linux-x86_64-debian-gcc | 1.0.1 | 25.42 | 61.62 | 87.04 | NOTE | |
r-devel-linux-x86_64-fedora-clang | 1.0.1 | 156.05 | NOTE | |||
r-devel-linux-x86_64-fedora-gcc | 1.0.1 | 148.79 | NOTE | |||
r-devel-windows-x86_64 | 1.0.1 | 31.00 | 125.00 | 156.00 | NOTE | |
r-patched-linux-x86_64 | 1.0.1 | 28.79 | 76.90 | 105.69 | OK | |
r-release-linux-x86_64 | 1.0.1 | 30.18 | 77.28 | 107.46 | OK | |
r-release-macos-arm64 | 1.0.1 | 43.00 | OK | |||
r-release-macos-x86_64 | 1.0.1 | 57.00 | OK | |||
r-release-windows-x86_64 | 1.0.1 | 36.00 | 120.00 | 156.00 | OK | |
r-oldrel-macos-arm64 | 1.0.1 | 51.00 | OK | |||
r-oldrel-macos-x86_64 | 1.0.1 | 60.00 | OK | |||
r-oldrel-windows-ix86+x86_64 | 1.0.1 | 78.00 | 143.00 | 221.00 | OK |
Version: 1.0.1
Check: package subdirectories
Result: NOTE
Problems with news in 'NEWS.md':
No news entries found.
Flavors: r-devel-linux-x86_64-debian-clang, r-devel-linux-x86_64-debian-gcc, r-devel-linux-x86_64-fedora-clang, r-devel-linux-x86_64-fedora-gcc, r-devel-windows-x86_64