Last updated on 2022-08-15 08:50:11 CEST.
Flavor | Version | Tinstall | Tcheck | Ttotal | Status | Flags |
---|---|---|---|---|---|---|
r-devel-linux-x86_64-debian-clang | 0.8-0 | 12.49 | 162.14 | 174.63 | NOTE | |
r-devel-linux-x86_64-debian-gcc | 0.8-0 | 8.68 | 117.82 | 126.50 | NOTE | |
r-devel-linux-x86_64-fedora-clang | 0.8-0 | 210.07 | NOTE | |||
r-devel-linux-x86_64-fedora-gcc | 0.8-0 | 211.69 | NOTE | |||
r-devel-windows-x86_64 | 0.8-0 | 79.00 | 218.00 | 297.00 | NOTE | |
r-patched-linux-x86_64 | 0.8-0 | 10.86 | 149.50 | 160.36 | OK | |
r-release-linux-x86_64 | 0.8-0 | 11.65 | 150.15 | 161.80 | OK | |
r-release-macos-arm64 | 0.8-0 | 61.00 | OK | |||
r-release-macos-x86_64 | 0.8-0 | 82.00 | OK | |||
r-release-windows-x86_64 | 0.8-0 | 73.00 | 214.00 | 287.00 | OK | |
r-oldrel-macos-arm64 | 0.8-0 | 61.00 | OK | |||
r-oldrel-macos-x86_64 | 0.8-0 | 92.00 | OK | |||
r-oldrel-windows-ix86+x86_64 | 0.8-0 | 24.00 | 211.00 | 235.00 | OK |
Version: 0.8-0
Check: Rd files
Result: NOTE
checkRd: (-1) Glass.Rd:21: Escaped LaTeX specials: \&
checkRd: (-1) Glass.Rd:22: Escaped LaTeX specials: \&
checkRd: (-1) Glass.Rd:23: Escaped LaTeX specials: \&
checkRd: (-1) Glass.Rd:24: Escaped LaTeX specials: \&
checkRd: (-1) Glass.Rd:25: Escaped LaTeX specials: \&
checkRd: (-1) Glass.Rd:28: Escaped LaTeX specials: \&
Flavors: r-devel-linux-x86_64-debian-clang, r-devel-linux-x86_64-debian-gcc, r-devel-linux-x86_64-fedora-clang, r-devel-linux-x86_64-fedora-gcc, r-devel-windows-x86_64