Last updated on 2022-08-15 08:50:11 CEST.
Flavor | Version | Tinstall | Tcheck | Ttotal | Status | Flags |
---|---|---|---|---|---|---|
r-devel-linux-x86_64-debian-clang | 1.1.0 | 12.94 | 100.45 | 113.39 | OK | |
r-devel-linux-x86_64-debian-gcc | 1.1.0 | 9.73 | 73.12 | 82.85 | OK | |
r-devel-linux-x86_64-fedora-clang | 1.1.0 | 144.07 | NOTE | |||
r-devel-linux-x86_64-fedora-gcc | 1.1.0 | 139.96 | NOTE | |||
r-devel-windows-x86_64 | 1.1.0 | 39.00 | 131.00 | 170.00 | OK | |
r-patched-linux-x86_64 | 1.1.0 | 11.32 | 90.40 | 101.72 | OK | |
r-release-linux-x86_64 | 1.1.0 | 10.47 | 90.70 | 101.17 | OK | |
r-release-macos-arm64 | 1.1.0 | 37.00 | NOTE | |||
r-release-macos-x86_64 | 1.1.0 | 53.00 | NOTE | |||
r-release-windows-x86_64 | 1.1.0 | 40.00 | 129.00 | 169.00 | OK | |
r-oldrel-macos-arm64 | 1.1.0 | 31.00 | NOTE | |||
r-oldrel-macos-x86_64 | 1.1.0 | 52.00 | NOTE | |||
r-oldrel-windows-ix86+x86_64 | 1.1.0 | 27.00 | 122.00 | 149.00 | OK |
Version: 1.1.0
Check: dependencies in R code
Result: NOTE
Namespace in Imports field not imported from: ‘mathjaxr’
All declared Imports should be used.
Flavors: r-devel-linux-x86_64-fedora-clang, r-devel-linux-x86_64-fedora-gcc, r-release-macos-arm64, r-release-macos-x86_64, r-oldrel-macos-arm64, r-oldrel-macos-x86_64