Last updated on 2022-08-15 08:50:11 CEST.
Flavor | Version | Tinstall | Tcheck | Ttotal | Status | Flags |
---|---|---|---|---|---|---|
r-devel-linux-x86_64-debian-clang | 1.0.2 | 28.98 | 75.68 | 104.66 | NOTE | |
r-devel-linux-x86_64-debian-gcc | 1.0.2 | 23.37 | 57.50 | 80.87 | NOTE | |
r-devel-linux-x86_64-fedora-clang | 1.0.2 | 139.82 | NOTE | |||
r-devel-linux-x86_64-fedora-gcc | 1.0.2 | 140.38 | NOTE | |||
r-devel-windows-x86_64 | 1.0.2 | 70.00 | 151.00 | 221.00 | NOTE | |
r-patched-linux-x86_64 | 1.0.2 | 29.01 | 67.88 | 96.89 | OK | |
r-release-linux-x86_64 | 1.0.2 | 24.48 | 68.27 | 92.75 | OK | |
r-release-macos-arm64 | 1.0.2 | 45.00 | NOTE | |||
r-release-macos-x86_64 | 1.0.2 | 69.00 | NOTE | |||
r-release-windows-x86_64 | 1.0.2 | 76.00 | 145.00 | 221.00 | NOTE | |
r-oldrel-macos-arm64 | 1.0.2 | 64.00 | NOTE | |||
r-oldrel-macos-x86_64 | 1.0.2 | 97.00 | NOTE | |||
r-oldrel-windows-ix86+x86_64 | 1.0.2 | 50.00 | 157.00 | 207.00 | NOTE |
Version: 1.0.2
Check: HTML version of manual
Result: NOTE
Found the following HTML validation problems:
RequestHandlerCrul.html:50:6: Warning: missing </span> before <p>
RequestHandlerCrul.html:50:92: Warning: inserting implicit <span>
RequestHandlerCrul.html:53:6: Warning: missing </span> before <p>
RequestHandlerCrul.html:53:96: Warning: inserting implicit <span>
RequestHandlerCrul.html:50:6: Warning: trimming empty <span>
RequestHandlerCrul.html:53:6: Warning: trimming empty <span>
RequestHandlerHttr.html:53:6: Warning: missing </span> before <p>
RequestHandlerHttr.html:53:92: Warning: inserting implicit <span>
RequestHandlerHttr.html:53:6: Warning: trimming empty <span>
lightswitch.html:113:79: Warning: inserting implicit <p>
lightswitch.html:150:58: Warning: inserting implicit <p>
lightswitch.html:181:33: Warning: inserting implicit <p>
lightswitch.html:202:42: Warning: inserting implicit <p>
lightswitch.html:113:79: Warning: trimming empty <p>
lightswitch.html:150:58: Warning: trimming empty <p>
lightswitch.html:181:33: Warning: trimming empty <p>
lightswitch.html:202:42: Warning: trimming empty <p>
request-matching.html:83:57: Warning: inserting implicit <p>
request-matching.html:83:57: Warning: trimming empty <p>
Flavors: r-devel-linux-x86_64-debian-clang, r-devel-linux-x86_64-debian-gcc, r-devel-linux-x86_64-fedora-clang, r-devel-linux-x86_64-fedora-gcc
Version: 1.0.2
Check: installed package size
Result: NOTE
installed size is 8.3Mb
sub-directories of 1Mb or more:
doc 7.2Mb
Flavors: r-devel-linux-x86_64-fedora-clang, r-devel-windows-x86_64, r-release-macos-arm64, r-release-macos-x86_64, r-release-windows-x86_64, r-oldrel-macos-arm64, r-oldrel-macos-x86_64, r-oldrel-windows-ix86+x86_64