Last updated on 2022-08-15 08:50:11 CEST.
Flavor | Version | Tinstall | Tcheck | Ttotal | Status | Flags |
---|---|---|---|---|---|---|
r-devel-linux-x86_64-debian-clang | 0.4.0 | 1.82 | 23.14 | 24.96 | NOTE | |
r-devel-linux-x86_64-debian-gcc | 0.4.0 | 1.64 | 18.09 | 19.73 | NOTE | |
r-devel-linux-x86_64-fedora-clang | 0.4.0 | 41.88 | NOTE | |||
r-devel-linux-x86_64-fedora-gcc | 0.4.0 | 41.36 | NOTE | |||
r-devel-windows-x86_64 | 0.4.0 | 12.00 | 51.00 | 63.00 | NOTE | |
r-patched-linux-x86_64 | 0.4.0 | 1.76 | 23.73 | 25.49 | NOTE | |
r-release-linux-x86_64 | 0.4.0 | 1.80 | 24.00 | 25.80 | NOTE | |
r-release-macos-arm64 | 0.4.0 | 16.00 | NOTE | |||
r-release-macos-x86_64 | 0.4.0 | 21.00 | NOTE | |||
r-release-windows-x86_64 | 0.4.0 | 14.00 | 55.00 | 69.00 | NOTE | |
r-oldrel-macos-arm64 | 0.4.0 | 18.00 | NOTE | |||
r-oldrel-macos-x86_64 | 0.4.0 | 29.00 | NOTE | |||
r-oldrel-windows-ix86+x86_64 | 0.4.0 | 5.00 | 44.00 | 49.00 | NOTE |
Version: 0.4.0
Check: LazyData
Result: NOTE
'LazyData' is specified without a 'data' directory
Flavors: r-devel-linux-x86_64-debian-clang, r-devel-linux-x86_64-debian-gcc, r-devel-linux-x86_64-fedora-clang, r-devel-linux-x86_64-fedora-gcc, r-devel-windows-x86_64, r-patched-linux-x86_64, r-release-linux-x86_64, r-release-macos-arm64, r-release-macos-x86_64, r-release-windows-x86_64, r-oldrel-macos-arm64, r-oldrel-macos-x86_64, r-oldrel-windows-ix86+x86_64