Last updated on 2022-08-15 08:50:11 CEST.
Flavor | Version | Tinstall | Tcheck | Ttotal | Status | Flags |
---|---|---|---|---|---|---|
r-devel-linux-x86_64-debian-clang | 0.1.0 | 3.96 | 42.78 | 46.74 | NOTE | |
r-devel-linux-x86_64-debian-gcc | 0.1.0 | 3.06 | 32.54 | 35.60 | NOTE | |
r-devel-linux-x86_64-fedora-clang | 0.1.0 | 66.16 | NOTE | |||
r-devel-linux-x86_64-fedora-gcc | 0.1.0 | 63.79 | NOTE | |||
r-devel-windows-x86_64 | 0.1.0 | 21.00 | 70.00 | 91.00 | NOTE | |
r-patched-linux-x86_64 | 0.1.0 | 3.96 | 40.38 | 44.34 | NOTE | |
r-release-linux-x86_64 | 0.1.0 | 2.70 | 40.18 | 42.88 | NOTE | |
r-release-macos-arm64 | 0.1.0 | 20.00 | NOTE | |||
r-release-macos-x86_64 | 0.1.0 | 37.00 | NOTE | |||
r-release-windows-x86_64 | 0.1.0 | 24.00 | 69.00 | 93.00 | NOTE | |
r-oldrel-macos-arm64 | 0.1.0 | 27.00 | NOTE | |||
r-oldrel-macos-x86_64 | 0.1.0 | 32.00 | NOTE | |||
r-oldrel-windows-ix86+x86_64 | 0.1.0 | 20.00 | 63.00 | 83.00 | NOTE |
Version: 0.1.0
Check: LazyData
Result: NOTE
'LazyData' is specified without a 'data' directory
Flavors: r-devel-linux-x86_64-debian-clang, r-devel-linux-x86_64-debian-gcc, r-devel-linux-x86_64-fedora-clang, r-devel-linux-x86_64-fedora-gcc, r-devel-windows-x86_64, r-patched-linux-x86_64, r-release-linux-x86_64, r-release-macos-arm64, r-release-macos-x86_64, r-release-windows-x86_64, r-oldrel-macos-arm64, r-oldrel-macos-x86_64, r-oldrel-windows-ix86+x86_64