Last updated on 2022-08-15 08:50:11 CEST.
Flavor | Version | Tinstall | Tcheck | Ttotal | Status | Flags |
---|---|---|---|---|---|---|
r-devel-linux-x86_64-debian-clang | 1.1.1 | 8.84 | 140.41 | 149.25 | OK | |
r-devel-linux-x86_64-debian-gcc | 1.1.1 | 7.33 | 104.71 | 112.04 | OK | |
r-devel-linux-x86_64-fedora-clang | 1.1.1 | 176.96 | NOTE | |||
r-devel-linux-x86_64-fedora-gcc | 1.1.1 | 168.63 | NOTE | |||
r-devel-windows-x86_64 | 1.1.1 | 59.00 | 319.00 | 378.00 | OK | |
r-patched-linux-x86_64 | 1.1.1 | 6.09 | 132.14 | 138.23 | OK | |
r-release-linux-x86_64 | 1.1.1 | 6.32 | 131.37 | 137.69 | OK | |
r-release-macos-arm64 | 1.1.1 | 66.00 | NOTE | |||
r-release-macos-x86_64 | 1.1.1 | 80.00 | NOTE | |||
r-release-windows-x86_64 | 1.1.1 | 21.00 | 233.00 | 254.00 | OK | |
r-oldrel-macos-arm64 | 1.1.1 | 46.00 | NOTE | |||
r-oldrel-macos-x86_64 | 1.1.1 | 69.00 | NOTE | |||
r-oldrel-windows-ix86+x86_64 | 1.1.1 | 16.00 | 244.00 | 260.00 | OK |
Version: 1.1.1
Check: dependencies in R code
Result: NOTE
Namespaces in Imports field not imported from:
‘R6’ ‘readr’ ‘uuid’
All declared Imports should be used.
Flavors: r-devel-linux-x86_64-fedora-clang, r-devel-linux-x86_64-fedora-gcc, r-release-macos-arm64, r-release-macos-x86_64, r-oldrel-macos-arm64, r-oldrel-macos-x86_64