Last updated on 2022-08-15 08:50:11 CEST.
Flavor | Version | Tinstall | Tcheck | Ttotal | Status | Flags |
---|---|---|---|---|---|---|
r-devel-linux-x86_64-debian-clang | 0.8.3 | 150.88 | 217.07 | 367.95 | NOTE | |
r-devel-linux-x86_64-debian-gcc | 0.8.3 | 127.94 | 149.21 | 277.15 | NOTE | |
r-devel-linux-x86_64-fedora-clang | 0.8.3 | 445.01 | NOTE | |||
r-devel-linux-x86_64-fedora-gcc | 0.8.3 | 491.06 | NOTE | |||
r-devel-windows-x86_64 | 0.8.3 | 94.00 | 370.00 | 464.00 | NOTE | |
r-patched-linux-x86_64 | 0.8.3 | 130.98 | 216.26 | 347.24 | OK | |
r-release-linux-x86_64 | 0.8.3 | 127.65 | 215.49 | 343.14 | OK | |
r-release-macos-arm64 | 0.8.3 | 149.00 | NOTE | |||
r-release-macos-x86_64 | 0.8.3 | 191.00 | NOTE | |||
r-release-windows-x86_64 | 0.8.3 | 92.00 | 380.00 | 472.00 | NOTE | |
r-oldrel-macos-arm64 | 0.8.3 | 120.00 | NOTE | |||
r-oldrel-macos-x86_64 | 0.8.3 | 182.00 | NOTE | |||
r-oldrel-windows-ix86+x86_64 | 0.8.3 | 314.00 | 456.00 | 770.00 | NOTE |
Version: 0.8.3
Check: package subdirectories
Result: NOTE
Problems with news in 'NEWS.md':
Cannot extract version info from the following section titles:
NEW FEATURES
Flavors: r-devel-linux-x86_64-debian-clang, r-devel-linux-x86_64-debian-gcc, r-devel-linux-x86_64-fedora-clang, r-devel-linux-x86_64-fedora-gcc, r-devel-windows-x86_64
Version: 0.8.3
Check: installed package size
Result: NOTE
installed size is 6.5Mb
sub-directories of 1Mb or more:
doc 1.4Mb
libs 4.8Mb
Flavors: r-devel-linux-x86_64-fedora-clang, r-devel-windows-x86_64, r-release-macos-arm64, r-release-macos-x86_64, r-release-windows-x86_64, r-oldrel-macos-arm64, r-oldrel-macos-x86_64, r-oldrel-windows-ix86+x86_64