Last updated on 2022-08-15 08:50:11 CEST.
Flavor | Version | Tinstall | Tcheck | Ttotal | Status | Flags |
---|---|---|---|---|---|---|
r-devel-linux-x86_64-debian-clang | 1.1.5 | 13.25 | 113.17 | 126.42 | OK | |
r-devel-linux-x86_64-debian-gcc | 1.1.5 | 12.64 | 86.45 | 99.09 | OK | |
r-devel-linux-x86_64-fedora-clang | 1.1.5 | 165.37 | NOTE | |||
r-devel-linux-x86_64-fedora-gcc | 1.1.5 | 163.11 | NOTE | |||
r-devel-windows-x86_64 | 1.1.5 | 25.00 | 139.00 | 164.00 | OK | |
r-patched-linux-x86_64 | 1.1.5 | 15.67 | 108.60 | 124.27 | OK | |
r-release-linux-x86_64 | 1.1.5 | 14.43 | 108.18 | 122.61 | OK | |
r-release-macos-arm64 | 1.1.5 | 47.00 | OK | |||
r-release-macos-x86_64 | 1.1.5 | 66.00 | OK | |||
r-release-windows-x86_64 | 1.1.5 | 26.00 | 147.00 | 173.00 | OK | |
r-oldrel-macos-arm64 | 1.1.5 | 51.00 | OK | |||
r-oldrel-macos-x86_64 | 1.1.5 | 92.00 | OK | |||
r-oldrel-windows-ix86+x86_64 | 1.1.5 | 33.00 | 191.00 | 224.00 | OK |
Version: 1.1.5
Check: compiled code
Result: NOTE
File ‘vines/libs/vines.so’:
Found no call to: ‘R_useDynamicSymbols’
It is good practice to register native routines and to disable symbol
search.
See ‘Writing portable packages’ in the ‘Writing R Extensions’ manual.
Flavors: r-devel-linux-x86_64-fedora-clang, r-devel-linux-x86_64-fedora-gcc