Last updated on 2022-08-15 08:50:11 CEST.
Flavor | Version | Tinstall | Tcheck | Ttotal | Status | Flags |
---|---|---|---|---|---|---|
r-devel-linux-x86_64-debian-clang | 0.3.2 | 3.72 | 179.18 | 182.90 | NOTE | |
r-devel-linux-x86_64-debian-gcc | 0.3.2 | 3.64 | 126.94 | 130.58 | NOTE | |
r-devel-linux-x86_64-fedora-clang | 0.3.2 | 203.23 | NOTE | |||
r-devel-linux-x86_64-fedora-gcc | 0.3.2 | 161.04 | NOTE | |||
r-devel-windows-x86_64 | 0.3.2 | 24.00 | 180.00 | 204.00 | NOTE | |
r-patched-linux-x86_64 | 0.3.2 | 4.40 | 158.79 | 163.19 | NOTE | |
r-release-linux-x86_64 | 0.3.2 | 4.35 | 161.44 | 165.79 | NOTE | |
r-release-macos-arm64 | 0.3.2 | 60.00 | NOTE | |||
r-release-macos-x86_64 | 0.3.2 | 112.00 | NOTE | |||
r-release-windows-x86_64 | 0.3.2 | 20.00 | 375.00 | 395.00 | NOTE | |
r-oldrel-macos-arm64 | 0.3.2 | 68.00 | NOTE | |||
r-oldrel-macos-x86_64 | 0.3.2 | 121.00 | NOTE | |||
r-oldrel-windows-ix86+x86_64 | 0.3.2 | 15.00 | 194.00 | 209.00 | NOTE |
Version: 0.3.2
Check: LazyData
Result: NOTE
'LazyData' is specified without a 'data' directory
Flavors: r-devel-linux-x86_64-debian-clang, r-devel-linux-x86_64-debian-gcc, r-devel-linux-x86_64-fedora-clang, r-devel-linux-x86_64-fedora-gcc, r-devel-windows-x86_64, r-patched-linux-x86_64, r-release-linux-x86_64, r-release-macos-arm64, r-release-macos-x86_64, r-release-windows-x86_64, r-oldrel-macos-arm64, r-oldrel-macos-x86_64, r-oldrel-windows-ix86+x86_64
Version: 0.3.2
Check: Rd cross-references
Result: NOTE
Undeclared package ‘foreach’ in Rd xrefs
Flavor: r-devel-linux-x86_64-fedora-clang