Last updated on 2022-08-15 08:50:11 CEST.
Flavor | Version | Tinstall | Tcheck | Ttotal | Status | Flags |
---|---|---|---|---|---|---|
r-devel-linux-x86_64-debian-clang | 2.1.1 | 2.58 | 37.78 | 40.36 | OK | |
r-devel-linux-x86_64-debian-gcc | 2.1.2 | 2.65 | 28.79 | 31.44 | OK | |
r-devel-linux-x86_64-fedora-clang | 2.1.2 | 58.81 | NOTE | |||
r-devel-linux-x86_64-fedora-gcc | 2.1.2 | 59.69 | OK | |||
r-devel-windows-x86_64 | 2.1.2 | 170.00 | 88.00 | 258.00 | NOTE | |
r-patched-linux-x86_64 | 2.1.2 | 3.66 | 35.12 | 38.78 | OK | |
r-release-linux-x86_64 | 2.1.2 | 3.23 | 35.46 | 38.69 | OK | |
r-release-macos-arm64 | 2.1.2 | 17.00 | NOTE | |||
r-release-macos-x86_64 | 2.1.2 | 29.00 | NOTE | |||
r-release-windows-x86_64 | 2.1.2 | 61.00 | 61.00 | 122.00 | NOTE | |
r-oldrel-macos-arm64 | 2.1.2 | 19.00 | NOTE | |||
r-oldrel-macos-x86_64 | 2.1.2 | 34.00 | NOTE | |||
r-oldrel-windows-ix86+x86_64 | 2.1.1 | 9.00 | 58.00 | 67.00 | NOTE |
Version: 2.1.2
Check: installed package size
Result: NOTE
installed size is 6.4Mb
sub-directories of 1Mb or more:
help 1.3Mb
htmlwidgets 5.1Mb
Flavors: r-devel-linux-x86_64-fedora-clang, r-devel-windows-x86_64, r-release-macos-arm64, r-release-macos-x86_64, r-release-windows-x86_64, r-oldrel-macos-arm64, r-oldrel-macos-x86_64
Version: 2.1.1
Check: installed package size
Result: NOTE
installed size is 6.3Mb
sub-directories of 1Mb or more:
help 1.3Mb
htmlwidgets 5.0Mb
Flavor: r-oldrel-windows-ix86+x86_64