Last updated on 2022-08-15 08:50:12 CEST.
Flavor | Version | Tinstall | Tcheck | Ttotal | Status | Flags |
---|---|---|---|---|---|---|
r-devel-linux-x86_64-debian-clang | 1.0.0 | 29.39 | 45.60 | 74.99 | NOTE | |
r-devel-linux-x86_64-debian-gcc | 1.0.0 | 25.78 | 34.89 | 60.67 | NOTE | |
r-devel-linux-x86_64-fedora-clang | 1.0.0 | 112.72 | NOTE | |||
r-devel-linux-x86_64-fedora-gcc | 1.0.0 | 104.37 | NOTE | |||
r-devel-windows-x86_64 | 1.0.0 | 28.00 | 87.00 | 115.00 | NOTE | |
r-patched-linux-x86_64 | 1.0.0 | 24.49 | 42.14 | 66.63 | NOTE | |
r-release-linux-x86_64 | 1.0.0 | 25.04 | 42.57 | 67.61 | NOTE | |
r-release-macos-arm64 | 1.0.0 | 31.00 | NOTE | |||
r-release-macos-x86_64 | 1.0.0 | 42.00 | NOTE | |||
r-release-windows-x86_64 | 1.0.0 | 29.00 | 89.00 | 118.00 | NOTE | |
r-oldrel-macos-arm64 | 1.0.0 | 38.00 | NOTE | |||
r-oldrel-macos-x86_64 | 1.0.0 | 62.00 | NOTE | |||
r-oldrel-windows-ix86+x86_64 | 1.0.0 | 74.00 | 103.00 | 177.00 | NOTE |
Version: 1.0.0
Check: LazyData
Result: NOTE
'LazyData' is specified without a 'data' directory
Flavors: r-devel-linux-x86_64-debian-clang, r-devel-linux-x86_64-debian-gcc, r-devel-linux-x86_64-fedora-clang, r-devel-linux-x86_64-fedora-gcc, r-devel-windows-x86_64, r-patched-linux-x86_64, r-release-linux-x86_64, r-release-macos-arm64, r-release-macos-x86_64, r-release-windows-x86_64, r-oldrel-macos-arm64, r-oldrel-macos-x86_64, r-oldrel-windows-ix86+x86_64
Version: 1.0.0
Check: compiled code
Result: NOTE
File ‘vita/libs/vita.so’:
Found no calls to: ‘R_registerRoutines’, ‘R_useDynamicSymbols’
It is good practice to register native routines and to disable symbol
search.
See ‘Writing portable packages’ in the ‘Writing R Extensions’ manual.
Flavors: r-devel-linux-x86_64-fedora-clang, r-devel-linux-x86_64-fedora-gcc