Last updated on 2022-08-15 08:50:12 CEST.
Flavor | Version | Tinstall | Tcheck | Ttotal | Status | Flags |
---|---|---|---|---|---|---|
r-devel-linux-x86_64-debian-clang | 0.2.2 | 150.46 | 68.19 | 218.65 | OK | |
r-devel-linux-x86_64-debian-gcc | 0.2.2 | 111.47 | 51.08 | 162.55 | OK | |
r-devel-linux-x86_64-fedora-clang | 0.2.2 | 311.65 | OK | |||
r-devel-linux-x86_64-fedora-gcc | 0.2.2 | 278.58 | OK | |||
r-devel-windows-x86_64 | 0.2.2 | 121.00 | 114.00 | 235.00 | OK | |
r-patched-linux-x86_64 | 0.2.2 | 87.92 | 64.33 | 152.25 | OK | |
r-release-linux-x86_64 | 0.2.2 | 91.24 | 63.58 | 154.82 | OK | |
r-release-macos-arm64 | 0.2.2 | 67.00 | NOTE | |||
r-release-macos-x86_64 | 0.2.2 | 111.00 | NOTE | |||
r-release-windows-x86_64 | 0.2.2 | 110.00 | 116.00 | 226.00 | OK | |
r-oldrel-macos-arm64 | 0.2.2 | 70.00 | NOTE | |||
r-oldrel-macos-x86_64 | 0.2.2 | 115.00 | OK | |||
r-oldrel-windows-ix86+x86_64 | 0.2.2 | 354.00 | 130.00 | 484.00 | OK |
Version: 0.2.2
Check: installed package size
Result: NOTE
installed size is 5.0Mb
sub-directories of 1Mb or more:
libs 4.5Mb
Flavors: r-release-macos-arm64, r-release-macos-x86_64, r-oldrel-macos-arm64