Last updated on 2022-08-15 08:50:12 CEST.
Flavor | Version | Tinstall | Tcheck | Ttotal | Status | Flags |
---|---|---|---|---|---|---|
r-devel-linux-x86_64-debian-clang | 0.0.4 | 3.75 | 44.70 | 48.45 | NOTE | |
r-devel-linux-x86_64-debian-gcc | 0.0.4 | 2.86 | 35.71 | 38.57 | NOTE | |
r-devel-linux-x86_64-fedora-clang | 0.0.4 | 71.02 | NOTE | |||
r-devel-linux-x86_64-fedora-gcc | 0.0.4 | 71.67 | NOTE | |||
r-devel-windows-x86_64 | 0.0.4 | 27.00 | 106.00 | 133.00 | OK | |
r-patched-linux-x86_64 | 0.0.4 | 4.41 | 43.54 | 47.95 | OK | |
r-release-linux-x86_64 | 0.0.4 | 3.96 | 43.84 | 47.80 | OK | |
r-release-macos-arm64 | 0.0.4 | 27.00 | OK | |||
r-release-macos-x86_64 | 0.0.4 | 38.00 | OK | |||
r-release-windows-x86_64 | 0.0.4 | 34.00 | 98.00 | 132.00 | OK | |
r-oldrel-macos-arm64 | 0.0.4 | 29.00 | OK | |||
r-oldrel-macos-x86_64 | 0.0.4 | 42.00 | OK | |||
r-oldrel-windows-ix86+x86_64 | 0.0.4 | 8.00 | 75.00 | 83.00 | OK |
Version: 0.0.4
Check: HTML version of manual
Result: NOTE
Found the following HTML validation problems:
virtualboxOptions.html:46:43: Warning: inserting implicit <p>
virtualboxOptions.html:87:44: Warning: inserting implicit <p>
virtualboxOptions.html:46:43: Warning: trimming empty <p>
virtualboxOptions.html:87:44: Warning: trimming empty <p>
Flavors: r-devel-linux-x86_64-debian-clang, r-devel-linux-x86_64-debian-gcc, r-devel-linux-x86_64-fedora-clang, r-devel-linux-x86_64-fedora-gcc
Version: 0.0.4
Check: Rd cross-references
Result: NOTE
Undeclared package ‘devtools’ in Rd xrefs
Flavor: r-devel-linux-x86_64-fedora-clang