Last updated on 2022-08-15 08:50:12 CEST.
Flavor | Version | Tinstall | Tcheck | Ttotal | Status | Flags |
---|---|---|---|---|---|---|
r-devel-linux-x86_64-debian-clang | 0.8.3 | 3.56 | 35.18 | 38.74 | NOTE | |
r-devel-linux-x86_64-debian-gcc | 0.8.3 | 2.34 | 26.76 | 29.10 | NOTE | |
r-devel-linux-x86_64-fedora-clang | 0.8.4 | 60.70 | OK | |||
r-devel-linux-x86_64-fedora-gcc | 0.8.4 | 30.83 | OK | |||
r-devel-windows-x86_64 | 0.8.3 | 22.00 | 53.00 | 75.00 | NOTE | |
r-patched-linux-x86_64 | 0.8.3 | 3.25 | 32.30 | 35.55 | OK | |
r-release-linux-x86_64 | 0.8.3 | 2.97 | 33.11 | 36.08 | OK | |
r-release-macos-arm64 | 0.8.4 | 16.00 | OK | |||
r-release-macos-x86_64 | 0.8.3 | 25.00 | OK | |||
r-release-windows-x86_64 | 0.8.3 | 34.00 | 60.00 | 94.00 | OK | |
r-oldrel-macos-arm64 | 0.8.4 | 23.00 | OK | |||
r-oldrel-macos-x86_64 | 0.8.3 | 33.00 | OK | |||
r-oldrel-windows-ix86+x86_64 | 0.8.3 | 7.00 | 58.00 | 65.00 | OK |
Version: 0.8.3
Check: package subdirectories
Result: NOTE
Problems with news in 'NEWS.md':
No news entries found.
Flavors: r-devel-linux-x86_64-debian-clang, r-devel-linux-x86_64-debian-gcc, r-devel-windows-x86_64
Version: 0.8.3
Check: HTML version of manual
Result: NOTE
Found the following math rendering problems:
anonymise.Rd:28: Can't use function '$' in math mode in s_1,...,s_n$ s.t. $s_1
Flavors: r-devel-linux-x86_64-debian-clang, r-devel-linux-x86_64-debian-gcc