Last updated on 2022-08-15 08:50:12 CEST.
Flavor | Version | Tinstall | Tcheck | Ttotal | Status | Flags |
---|---|---|---|---|---|---|
r-devel-linux-x86_64-debian-clang | 1.1.2-2 | 623.55 | 66.03 | 689.58 | OK | |
r-devel-linux-x86_64-debian-gcc | 1.1.2-2 | 492.72 | 67.46 | 560.18 | OK | |
r-devel-linux-x86_64-fedora-clang | 1.1.2-2 | 809.76 | OK | |||
r-devel-linux-x86_64-fedora-gcc | 1.1.2-2 | 940.27 | OK | |||
r-devel-windows-x86_64 | 1.1.2-2 | 516.00 | 147.00 | 663.00 | OK | |
r-patched-linux-x86_64 | 1.1.2-2 | 519.46 | 85.88 | 605.34 | OK | |
r-release-linux-x86_64 | 1.1.2-2 | 504.95 | 88.43 | 593.38 | OK | |
r-release-macos-arm64 | 1.1.2-2 | 224.00 | NOTE | |||
r-release-macos-x86_64 | 1.1.2-2 | 297.00 | NOTE | |||
r-release-windows-x86_64 | 1.1.2-2 | 462.00 | 149.00 | 611.00 | OK | |
r-oldrel-macos-arm64 | 1.1.2-2 | 253.00 | NOTE | |||
r-oldrel-macos-x86_64 | 1.1.2-2 | 277.00 | NOTE | |||
r-oldrel-windows-ix86+x86_64 | 1.1.2-2 | 1297.00 | 205.00 | 1502.00 | NOTE |
Version: 1.1.2-2
Check: installed package size
Result: NOTE
installed size is 60.9Mb
sub-directories of 1Mb or more:
libs 60.6Mb
Flavors: r-release-macos-arm64, r-release-macos-x86_64, r-oldrel-macos-arm64, r-oldrel-macos-x86_64, r-oldrel-windows-ix86+x86_64