Last updated on 2022-08-15 08:50:12 CEST.
Flavor | Version | Tinstall | Tcheck | Ttotal | Status | Flags |
---|---|---|---|---|---|---|
r-devel-linux-x86_64-debian-clang | 0.1.0 | 6.33 | 59.62 | 65.95 | OK | |
r-devel-linux-x86_64-debian-gcc | 0.1.0 | 4.81 | 43.96 | 48.77 | OK | |
r-devel-linux-x86_64-fedora-clang | 0.1.0 | 89.28 | NOTE | |||
r-devel-linux-x86_64-fedora-gcc | 0.1.0 | 84.38 | NOTE | |||
r-devel-windows-x86_64 | 0.1.0 | 37.00 | 88.00 | 125.00 | OK | |
r-patched-linux-x86_64 | 0.1.0 | 3.96 | 55.10 | 59.06 | OK | |
r-release-linux-x86_64 | 0.1.0 | 4.11 | 55.16 | 59.27 | OK | |
r-release-macos-arm64 | 0.1.0 | 28.00 | NOTE | |||
r-release-macos-x86_64 | 0.1.0 | 44.00 | NOTE | |||
r-release-windows-x86_64 | 0.1.0 | 29.00 | 84.00 | 113.00 | OK | |
r-oldrel-macos-arm64 | 0.1.0 | 31.00 | NOTE | |||
r-oldrel-macos-x86_64 | 0.1.0 | 42.00 | NOTE | |||
r-oldrel-windows-ix86+x86_64 | 0.1.0 | 15.00 | 75.00 | 90.00 | OK |
Version: 0.1.0
Check: dependencies in R code
Result: NOTE
Namespace in Imports field not imported from: ‘glue’
All declared Imports should be used.
Flavors: r-devel-linux-x86_64-fedora-clang, r-devel-linux-x86_64-fedora-gcc, r-release-macos-arm64, r-release-macos-x86_64, r-oldrel-macos-arm64, r-oldrel-macos-x86_64