Last updated on 2022-08-15 08:50:12 CEST.
Flavor | Version | Tinstall | Tcheck | Ttotal | Status | Flags |
---|---|---|---|---|---|---|
r-devel-linux-x86_64-debian-clang | 1.3.5 | 16.73 | 162.13 | 178.86 | NOTE | |
r-devel-linux-x86_64-debian-gcc | 1.3.5 | 12.83 | 124.31 | 137.14 | NOTE | |
r-devel-linux-x86_64-fedora-clang | 1.3.5 | 219.27 | NOTE | |||
r-devel-linux-x86_64-fedora-gcc | 1.3.5 | 232.12 | NOTE | |||
r-devel-windows-x86_64 | 1.3.5 | 26.00 | 190.00 | 216.00 | NOTE | |
r-patched-linux-x86_64 | 1.3.5 | 15.87 | 151.61 | 167.48 | NOTE | |
r-release-linux-x86_64 | 1.3.5 | 13.13 | 154.03 | 167.16 | NOTE | |
r-release-macos-arm64 | 1.3.5 | 57.00 | NOTE | |||
r-release-macos-x86_64 | 1.3.5 | 105.00 | NOTE | |||
r-release-windows-x86_64 | 1.3.5 | 25.00 | 185.00 | 210.00 | NOTE | |
r-oldrel-macos-arm64 | 1.3.5 | 63.00 | NOTE | |||
r-oldrel-macos-x86_64 | 1.3.5 | 87.00 | NOTE | |||
r-oldrel-windows-ix86+x86_64 | 1.3.5 | 36.00 | 184.00 | 220.00 | NOTE |
Version: 1.3.5
Check: package subdirectories
Result: NOTE
Problems with news in 'NEWS.md':
No news entries found.
Flavors: r-devel-linux-x86_64-debian-clang, r-devel-linux-x86_64-debian-gcc, r-devel-linux-x86_64-fedora-clang, r-devel-linux-x86_64-fedora-gcc, r-devel-windows-x86_64
Version: 1.3.5
Check: LazyData
Result: NOTE
'LazyData' is specified without a 'data' directory
Flavors: r-devel-linux-x86_64-debian-clang, r-devel-linux-x86_64-debian-gcc, r-devel-linux-x86_64-fedora-clang, r-devel-linux-x86_64-fedora-gcc, r-devel-windows-x86_64, r-patched-linux-x86_64, r-release-linux-x86_64, r-release-macos-arm64, r-release-macos-x86_64, r-release-windows-x86_64, r-oldrel-macos-arm64, r-oldrel-macos-x86_64, r-oldrel-windows-ix86+x86_64
Version: 1.3.5
Check: dependencies in R code
Result: NOTE
Namespace in Imports field not imported from: ‘methods’
All declared Imports should be used.
Flavors: r-devel-linux-x86_64-fedora-clang, r-devel-linux-x86_64-fedora-gcc, r-release-macos-arm64, r-release-macos-x86_64, r-oldrel-macos-arm64, r-oldrel-macos-x86_64