Last updated on 2022-08-15 08:50:12 CEST.
Flavor | Version | Tinstall | Tcheck | Ttotal | Status | Flags |
---|---|---|---|---|---|---|
r-devel-linux-x86_64-debian-clang | 0.1.0 | 11.05 | 102.45 | 113.50 | OK | |
r-devel-linux-x86_64-debian-gcc | 0.1.0 | 9.42 | 77.33 | 86.75 | OK | |
r-devel-linux-x86_64-fedora-clang | 0.1.0 | 145.29 | NOTE | |||
r-devel-linux-x86_64-fedora-gcc | 0.1.0 | 150.56 | NOTE | |||
r-devel-windows-x86_64 | 0.1.0 | 15.00 | 127.00 | 142.00 | OK | |
r-patched-linux-x86_64 | 0.1.0 | 17.05 | 97.06 | 114.11 | OK | |
r-release-linux-x86_64 | 0.1.0 | 9.95 | 98.02 | 107.97 | OK | |
r-release-macos-arm64 | 0.1.0 | 38.00 | NOTE | |||
r-release-macos-x86_64 | 0.1.0 | 68.00 | NOTE | |||
r-release-windows-x86_64 | 0.1.0 | 14.00 | 121.00 | 135.00 | OK | |
r-oldrel-macos-arm64 | 0.1.0 | 39.00 | NOTE | |||
r-oldrel-macos-x86_64 | 0.1.0 | 75.00 | NOTE | |||
r-oldrel-windows-ix86+x86_64 | 0.1.0 | 26.00 | 113.00 | 139.00 | OK |
Version: 0.1.0
Check: dependencies in R code
Result: NOTE
Namespace in Imports field not imported from: ‘flexsurv’
All declared Imports should be used.
Flavors: r-devel-linux-x86_64-fedora-clang, r-devel-linux-x86_64-fedora-gcc, r-release-macos-arm64, r-release-macos-x86_64, r-oldrel-macos-arm64, r-oldrel-macos-x86_64