Last updated on 2022-08-15 08:50:12 CEST.
Flavor | Version | Tinstall | Tcheck | Ttotal | Status | Flags |
---|---|---|---|---|---|---|
r-devel-linux-x86_64-debian-clang | 0.2.8 | 3.02 | 41.30 | 44.32 | OK | |
r-devel-linux-x86_64-debian-gcc | 0.2.8 | 2.46 | 32.44 | 34.90 | OK | |
r-devel-linux-x86_64-fedora-clang | 0.2.8 | 65.20 | NOTE | |||
r-devel-linux-x86_64-fedora-gcc | 0.2.8 | 63.91 | NOTE | |||
r-devel-windows-x86_64 | 0.2.8 | 17.00 | 72.00 | 89.00 | OK | |
r-patched-linux-x86_64 | 0.2.8 | 2.47 | 41.63 | 44.10 | OK | |
r-release-linux-x86_64 | 0.2.8 | 2.60 | 42.12 | 44.72 | OK | |
r-release-macos-arm64 | 0.2.8 | 22.00 | NOTE | |||
r-release-macos-x86_64 | 0.2.8 | 38.00 | NOTE | |||
r-release-windows-x86_64 | 0.2.8 | 18.00 | 74.00 | 92.00 | OK | |
r-oldrel-macos-arm64 | 0.2.8 | 24.00 | NOTE | |||
r-oldrel-macos-x86_64 | 0.2.8 | 51.00 | NOTE | |||
r-oldrel-windows-ix86+x86_64 | 0.2.8 | 9.00 | 69.00 | 78.00 | OK |
Version: 0.2.8
Check: dependencies in R code
Result: NOTE
Namespace in Imports field not imported from: ‘MASS’
All declared Imports should be used.
Flavors: r-devel-linux-x86_64-fedora-clang, r-devel-linux-x86_64-fedora-gcc, r-release-macos-arm64, r-release-macos-x86_64, r-oldrel-macos-arm64, r-oldrel-macos-x86_64