Last updated on 2022-08-15 08:50:12 CEST.
Flavor | Version | Tinstall | Tcheck | Ttotal | Status | Flags |
---|---|---|---|---|---|---|
r-devel-linux-x86_64-debian-clang | 0.1.0 | 16.20 | 141.82 | 158.02 | NOTE | |
r-devel-linux-x86_64-debian-gcc | 0.1.0 | 14.52 | 104.02 | 118.54 | NOTE | |
r-devel-linux-x86_64-fedora-clang | 0.1.0 | 194.03 | NOTE | |||
r-devel-linux-x86_64-fedora-gcc | 0.1.0 | 209.60 | NOTE | |||
r-devel-windows-x86_64 | 0.1.0 | 19.00 | 148.00 | 167.00 | NOTE | |
r-patched-linux-x86_64 | 0.1.0 | 16.93 | 133.89 | 150.82 | NOTE | |
r-release-linux-x86_64 | 0.1.0 | 14.56 | 131.22 | 145.78 | NOTE | |
r-release-macos-arm64 | 0.1.0 | 50.00 | NOTE | |||
r-release-macos-x86_64 | 0.1.0 | 87.00 | NOTE | |||
r-release-windows-x86_64 | 0.1.0 | 24.00 | 254.00 | 278.00 | NOTE | |
r-oldrel-macos-arm64 | 0.1.0 | 53.00 | NOTE | |||
r-oldrel-macos-x86_64 | 0.1.0 | 95.00 | NOTE | |||
r-oldrel-windows-ix86+x86_64 | 0.1.0 | 38.00 | 148.00 | 186.00 | NOTE |
Version: 0.1.0
Check: LazyData
Result: NOTE
'LazyData' is specified without a 'data' directory
Flavors: r-devel-linux-x86_64-debian-clang, r-devel-linux-x86_64-debian-gcc, r-devel-linux-x86_64-fedora-clang, r-devel-linux-x86_64-fedora-gcc, r-devel-windows-x86_64, r-patched-linux-x86_64, r-release-linux-x86_64, r-release-macos-arm64, r-release-macos-x86_64, r-release-windows-x86_64, r-oldrel-macos-arm64, r-oldrel-macos-x86_64, r-oldrel-windows-ix86+x86_64
Version: 0.1.0
Check: dependencies in R code
Result: NOTE
Namespace in Imports field not imported from: ‘nlme’
All declared Imports should be used.
Flavors: r-devel-linux-x86_64-fedora-clang, r-devel-linux-x86_64-fedora-gcc, r-release-macos-arm64, r-release-macos-x86_64, r-oldrel-macos-arm64, r-oldrel-macos-x86_64