Last updated on 2022-08-15 08:50:12 CEST.
Flavor | Version | Tinstall | Tcheck | Ttotal | Status | Flags |
---|---|---|---|---|---|---|
r-devel-linux-x86_64-debian-clang | 0.3.0 | 54.16 | 570.58 | 624.74 | OK | |
r-devel-linux-x86_64-debian-gcc | 0.3.0 | 44.49 | 435.38 | 479.87 | OK | |
r-devel-linux-x86_64-fedora-clang | 0.3.0 | 732.98 | NOTE | |||
r-devel-linux-x86_64-fedora-gcc | 0.3.0 | 774.69 | NOTE | |||
r-devel-windows-x86_64 | 0.3.0 | 91.00 | 585.00 | 676.00 | OK | |
r-patched-linux-x86_64 | 0.3.0 | 57.44 | 547.76 | 605.20 | OK | |
r-release-linux-x86_64 | 0.3.0 | 45.66 | 549.09 | 594.75 | OK | |
r-release-macos-arm64 | 0.3.0 | 199.00 | NOTE | |||
r-release-macos-x86_64 | 0.3.0 | 301.00 | NOTE | |||
r-release-windows-x86_64 | 0.3.0 | 127.00 | 554.00 | 681.00 | OK | |
r-oldrel-macos-arm64 | 0.3.0 | 160.00 | NOTE | |||
r-oldrel-macos-x86_64 | 0.3.0 | 228.00 | NOTE | |||
r-oldrel-windows-ix86+x86_64 | 0.3.0 | 106.00 | 576.00 | 682.00 | OK |
Version: 0.3.0
Check: dependencies in R code
Result: NOTE
Namespaces in Imports field not imported from:
‘rgdal’ ‘vctrs’
All declared Imports should be used.
Flavors: r-devel-linux-x86_64-fedora-clang, r-devel-linux-x86_64-fedora-gcc, r-release-macos-arm64, r-release-macos-x86_64, r-oldrel-macos-arm64, r-oldrel-macos-x86_64