Last updated on 2022-08-15 08:50:12 CEST.
Flavor | Version | Tinstall | Tcheck | Ttotal | Status | Flags |
---|---|---|---|---|---|---|
r-devel-linux-x86_64-debian-clang | 1.0.0 | 45.03 | 31.61 | 76.64 | OK | |
r-devel-linux-x86_64-debian-gcc | 1.0.0 | 32.27 | 25.49 | 57.76 | OK | |
r-devel-linux-x86_64-fedora-clang | 1.0.0 | 115.56 | OK | |||
r-devel-linux-x86_64-fedora-gcc | 1.0.0 | 105.09 | OK | |||
r-devel-windows-x86_64 | 1.0.0 | 36.00 | 79.00 | 115.00 | OK | |
r-patched-linux-x86_64 | 1.0.0 | 35.06 | 31.72 | 66.78 | OK | |
r-release-linux-x86_64 | 1.0.0 | 35.34 | 31.84 | 67.18 | OK | |
r-release-macos-arm64 | 1.0.0 | 32.00 | NOTE | |||
r-release-macos-x86_64 | 1.0.0 | 41.00 | NOTE | |||
r-release-windows-x86_64 | 1.0.0 | 39.00 | 77.00 | 116.00 | OK | |
r-oldrel-macos-arm64 | 1.0.0 | 39.00 | NOTE | |||
r-oldrel-macos-x86_64 | 1.0.0 | 57.00 | NOTE | |||
r-oldrel-windows-ix86+x86_64 | 1.0.0 | 102.00 | 83.00 | 185.00 | OK |
Version: 1.0.0
Check: installed package size
Result: NOTE
installed size is 5.8Mb
sub-directories of 1Mb or more:
libs 5.7Mb
Flavors: r-release-macos-arm64, r-release-macos-x86_64, r-oldrel-macos-arm64, r-oldrel-macos-x86_64