Last updated on 2022-08-15 08:50:12 CEST.
Flavor | Version | Tinstall | Tcheck | Ttotal | Status | Flags |
---|---|---|---|---|---|---|
r-devel-linux-x86_64-debian-clang | 1.3.3 | 5.41 | 80.36 | 85.77 | NOTE | |
r-devel-linux-x86_64-debian-gcc | 1.3.3 | 4.46 | 60.09 | 64.55 | NOTE | |
r-devel-linux-x86_64-fedora-clang | 1.3.3 | 109.50 | NOTE | |||
r-devel-linux-x86_64-fedora-gcc | 1.3.3 | 107.79 | NOTE | |||
r-devel-windows-x86_64 | 1.3.3 | 17.00 | 103.00 | 120.00 | NOTE | |
r-patched-linux-x86_64 | 1.3.3 | 5.92 | 74.50 | 80.42 | NOTE | |
r-release-linux-x86_64 | 1.3.3 | 4.92 | 75.59 | 80.51 | NOTE | |
r-release-macos-arm64 | 1.3.3 | 33.00 | NOTE | |||
r-release-macos-x86_64 | 1.3.3 | 45.00 | NOTE | |||
r-release-windows-x86_64 | 1.3.3 | 16.00 | 103.00 | 119.00 | NOTE | |
r-oldrel-macos-arm64 | 1.3.3 | 33.00 | NOTE | |||
r-oldrel-macos-x86_64 | 1.3.3 | 43.00 | NOTE | |||
r-oldrel-windows-ix86+x86_64 | 1.3.3 | 17.00 | 95.00 | 112.00 | NOTE |
Version: 1.3.3
Check: package dependencies
Result: NOTE
Package suggested but not available for checking: 'prepr'
Flavors: r-devel-linux-x86_64-debian-clang, r-devel-linux-x86_64-debian-gcc, r-devel-linux-x86_64-fedora-clang, r-devel-linux-x86_64-fedora-gcc, r-devel-windows-x86_64, r-patched-linux-x86_64, r-release-linux-x86_64, r-release-macos-arm64, r-release-macos-x86_64, r-release-windows-x86_64, r-oldrel-macos-arm64, r-oldrel-macos-x86_64, r-oldrel-windows-ix86+x86_64