Last updated on 2022-08-15 08:50:12 CEST.
Flavor | Version | Tinstall | Tcheck | Ttotal | Status | Flags |
---|---|---|---|---|---|---|
r-devel-linux-x86_64-debian-clang | 0.8.1 | 17.87 | 157.66 | 175.53 | NOTE | |
r-devel-linux-x86_64-debian-gcc | 0.8.1 | 15.20 | 114.92 | 130.12 | NOTE | |
r-devel-linux-x86_64-fedora-clang | 0.8.1 | 226.37 | NOTE | |||
r-devel-linux-x86_64-fedora-gcc | 0.8.1 | 223.13 | NOTE | |||
r-devel-windows-x86_64 | 0.8.1 | 44.00 | 173.00 | 217.00 | NOTE | |
r-patched-linux-x86_64 | 0.8.1 | 16.82 | 149.85 | 166.67 | OK | |
r-release-linux-x86_64 | 0.8.1 | 16.00 | 147.30 | 163.30 | OK | |
r-release-macos-arm64 | 0.8.1 | 58.00 | OK | |||
r-release-macos-x86_64 | 0.8.1 | 100.00 | OK | |||
r-release-windows-x86_64 | 0.8.1 | 49.00 | 167.00 | 216.00 | OK | |
r-oldrel-macos-arm64 | 0.8.1 | 45.00 | OK | |||
r-oldrel-macos-x86_64 | 0.8.1 | 76.00 | OK | |||
r-oldrel-windows-ix86+x86_64 | 0.8.1 | 44.00 | 165.00 | 209.00 | OK |
Version: 0.8.1
Check: package subdirectories
Result: NOTE
Problems with news in 'NEWS.md':
No news entries found.
Flavors: r-devel-linux-x86_64-debian-clang, r-devel-linux-x86_64-debian-gcc, r-devel-linux-x86_64-fedora-clang, r-devel-linux-x86_64-fedora-gcc, r-devel-windows-x86_64