Last updated on 2022-08-15 08:50:12 CEST.
Flavor | Version | Tinstall | Tcheck | Ttotal | Status | Flags |
---|---|---|---|---|---|---|
r-devel-linux-x86_64-debian-clang | 1.0.3 | 9.05 | 88.38 | 97.43 | OK | |
r-devel-linux-x86_64-debian-gcc | 1.0.3 | 7.94 | 66.89 | 74.83 | OK | |
r-devel-linux-x86_64-fedora-clang | 1.0.3 | 126.15 | NOTE | |||
r-devel-linux-x86_64-fedora-gcc | 1.0.3 | 121.34 | OK | |||
r-devel-windows-x86_64 | 1.0.3 | 396.00 | 163.00 | 559.00 | NOTE | |
r-patched-linux-x86_64 | 1.0.3 | 5.97 | 84.61 | 90.58 | OK | |
r-release-linux-x86_64 | 1.0.3 | 6.38 | 85.39 | 91.77 | OK | |
r-release-macos-arm64 | 1.0.3 | 33.00 | NOTE | |||
r-release-macos-x86_64 | 1.0.3 | 67.00 | NOTE | |||
r-release-windows-x86_64 | 1.0.3 | 276.00 | 163.00 | 439.00 | NOTE | |
r-oldrel-macos-arm64 | 1.0.3 | 43.00 | NOTE | |||
r-oldrel-macos-x86_64 | 1.0.3 | 62.00 | NOTE | |||
r-oldrel-windows-ix86+x86_64 | 1.0.3 | 141.00 | 147.00 | 288.00 | NOTE |
Version: 1.0.3
Check: installed package size
Result: NOTE
installed size is 10.8Mb
sub-directories of 1Mb or more:
client 9.6Mb
doc 1.0Mb
Flavors: r-devel-linux-x86_64-fedora-clang, r-devel-windows-x86_64, r-release-macos-arm64, r-release-macos-x86_64, r-release-windows-x86_64, r-oldrel-macos-arm64, r-oldrel-macos-x86_64, r-oldrel-windows-ix86+x86_64