Last updated on 2022-08-15 08:50:12 CEST.
Flavor | Version | Tinstall | Tcheck | Ttotal | Status | Flags |
---|---|---|---|---|---|---|
r-devel-linux-x86_64-debian-clang | 0.4.0 | 24.48 | 54.04 | 78.52 | OK | |
r-devel-linux-x86_64-debian-gcc | 0.4.0 | 18.53 | 41.06 | 59.59 | OK | |
r-devel-linux-x86_64-fedora-clang | 0.4.0 | 107.99 | NOTE | |||
r-devel-linux-x86_64-fedora-gcc | 0.4.0 | 102.13 | NOTE | |||
r-devel-windows-x86_64 | 0.4.0 | 30.00 | 99.00 | 129.00 | OK | |
r-patched-linux-x86_64 | 0.4.0 | 13.30 | 50.27 | 63.57 | OK | |
r-release-linux-x86_64 | 0.4.0 | 14.17 | 50.39 | 64.56 | OK | |
r-release-macos-arm64 | 0.4.0 | 26.00 | OK | |||
r-release-macos-x86_64 | 0.4.0 | 50.00 | OK | |||
r-release-windows-x86_64 | 0.4.0 | 27.00 | 105.00 | 132.00 | OK | |
r-oldrel-macos-arm64 | 0.4.0 | 33.00 | OK | |||
r-oldrel-macos-x86_64 | 0.4.0 | 43.00 | OK | |||
r-oldrel-windows-ix86+x86_64 | 0.4.0 | 58.00 | 105.00 | 163.00 | OK |
Version: 0.4.0
Check: compiled code
Result: NOTE
File ‘webreadr/libs/webreadr.so’:
Found no calls to: ‘R_registerRoutines’, ‘R_useDynamicSymbols’
It is good practice to register native routines and to disable symbol
search.
See ‘Writing portable packages’ in the ‘Writing R Extensions’ manual.
Flavors: r-devel-linux-x86_64-fedora-clang, r-devel-linux-x86_64-fedora-gcc