Last updated on 2022-08-15 08:50:12 CEST.
Flavor | Version | Tinstall | Tcheck | Ttotal | Status | Flags |
---|---|---|---|---|---|---|
r-devel-linux-x86_64-debian-clang | 1.9.1 | 18.40 | 88.63 | 107.03 | NOTE | |
r-devel-linux-x86_64-debian-gcc | 1.9.1 | 13.93 | 67.14 | 81.07 | NOTE | |
r-devel-linux-x86_64-fedora-clang | 1.9.1 | 138.00 | NOTE | |||
r-devel-linux-x86_64-fedora-gcc | 1.9.1 | 135.14 | NOTE | |||
r-devel-windows-x86_64 | 1.9.1 | 23.00 | 106.00 | 129.00 | NOTE | |
r-patched-linux-x86_64 | 1.9.1 | 16.38 | 82.93 | 99.31 | NOTE | |
r-release-linux-x86_64 | 1.9.1 | 15.11 | 85.57 | 100.68 | NOTE | |
r-release-macos-arm64 | 1.9.1 | 39.00 | NOTE | |||
r-release-macos-x86_64 | 1.9.1 | 65.00 | NOTE | |||
r-release-windows-x86_64 | 1.9.1 | 20.00 | 107.00 | 127.00 | NOTE | |
r-oldrel-macos-arm64 | 1.9.1 | 56.00 | NOTE | |||
r-oldrel-macos-x86_64 | 1.9.1 | 95.00 | NOTE | |||
r-oldrel-windows-ix86+x86_64 | 1.9.1 | 36.00 | 129.00 | 165.00 | NOTE |
Version: 1.9.1
Check: LazyData
Result: NOTE
'LazyData' is specified without a 'data' directory
Flavors: r-devel-linux-x86_64-debian-clang, r-devel-linux-x86_64-debian-gcc, r-devel-linux-x86_64-fedora-clang, r-devel-linux-x86_64-fedora-gcc, r-devel-windows-x86_64, r-patched-linux-x86_64, r-release-linux-x86_64, r-release-macos-arm64, r-release-macos-x86_64, r-release-windows-x86_64, r-oldrel-macos-arm64, r-oldrel-macos-x86_64, r-oldrel-windows-ix86+x86_64