Last updated on 2022-08-15 08:50:12 CEST.
Flavor | Version | Tinstall | Tcheck | Ttotal | Status | Flags |
---|---|---|---|---|---|---|
r-devel-linux-x86_64-debian-clang | 0.1 | 2.13 | 26.17 | 28.30 | OK | |
r-devel-linux-x86_64-debian-gcc | 0.1 | 1.70 | 20.40 | 22.10 | OK | |
r-devel-linux-x86_64-fedora-clang | 0.1 | 45.32 | NOTE | |||
r-devel-linux-x86_64-fedora-gcc | 0.1 | 44.60 | NOTE | |||
r-devel-windows-x86_64 | 0.1 | 13.00 | 52.00 | 65.00 | OK | |
r-patched-linux-x86_64 | 0.1 | 2.16 | 24.95 | 27.11 | OK | |
r-release-linux-x86_64 | 0.1 | 1.69 | 25.99 | 27.68 | OK | |
r-release-macos-arm64 | 0.1 | 15.00 | NOTE | |||
r-release-macos-x86_64 | 0.1 | 28.00 | NOTE | |||
r-release-windows-x86_64 | 0.1 | 11.00 | 55.00 | 66.00 | OK | |
r-oldrel-macos-arm64 | 0.1 | 21.00 | NOTE | |||
r-oldrel-macos-x86_64 | 0.1 | 23.00 | NOTE | |||
r-oldrel-windows-ix86+x86_64 | 0.1 | 6.00 | 45.00 | 51.00 | OK |
Version: 0.1
Check: data for non-ASCII characters
Result: NOTE
Note: found 4102 marked UTF-8 strings
Flavors: r-devel-linux-x86_64-fedora-clang, r-devel-linux-x86_64-fedora-gcc, r-release-macos-arm64, r-release-macos-x86_64, r-oldrel-macos-arm64, r-oldrel-macos-x86_64