Last updated on 2022-08-15 08:50:12 CEST.
Flavor | Version | Tinstall | Tcheck | Ttotal | Status | Flags |
---|---|---|---|---|---|---|
r-devel-linux-x86_64-debian-clang | 0.0.1 | 1.50 | 35.07 | 36.57 | NOTE | |
r-devel-linux-x86_64-debian-gcc | 0.0.1 | 1.52 | 26.89 | 28.41 | NOTE | |
r-devel-linux-x86_64-fedora-clang | 0.0.1 | 54.79 | NOTE | |||
r-devel-linux-x86_64-fedora-gcc | 0.0.1 | 53.02 | NOTE | |||
r-devel-windows-x86_64 | 0.0.1 | 17.00 | 59.00 | 76.00 | NOTE | |
r-patched-linux-x86_64 | 0.0.1 | 2.19 | 33.68 | 35.87 | NOTE | |
r-release-linux-x86_64 | 0.0.1 | 1.54 | 33.88 | 35.42 | NOTE | |
r-release-macos-arm64 | 0.0.1 | 18.00 | NOTE | |||
r-release-macos-x86_64 | 0.0.1 | 25.00 | NOTE | |||
r-release-windows-x86_64 | 0.0.1 | 19.00 | 60.00 | 79.00 | NOTE | |
r-oldrel-macos-arm64 | 0.0.1 | 21.00 | NOTE | |||
r-oldrel-macos-x86_64 | 0.0.1 | 33.00 | NOTE | |||
r-oldrel-windows-ix86+x86_64 | 0.0.1 | 5.00 | 54.00 | 59.00 | NOTE |
Version: 0.0.1
Check: LazyData
Result: NOTE
'LazyData' is specified without a 'data' directory
Flavors: r-devel-linux-x86_64-debian-clang, r-devel-linux-x86_64-debian-gcc, r-devel-linux-x86_64-fedora-clang, r-devel-linux-x86_64-fedora-gcc, r-devel-windows-x86_64, r-patched-linux-x86_64, r-release-linux-x86_64, r-release-macos-arm64, r-release-macos-x86_64, r-release-windows-x86_64, r-oldrel-macos-arm64, r-oldrel-macos-x86_64, r-oldrel-windows-ix86+x86_64