Last updated on 2022-08-15 08:50:12 CEST.
Flavor | Version | Tinstall | Tcheck | Ttotal | Status | Flags |
---|---|---|---|---|---|---|
r-devel-linux-x86_64-debian-clang | 0.4.0 | 3.45 | 34.71 | 38.16 | OK | |
r-devel-linux-x86_64-debian-gcc | 0.4.0 | 2.58 | 26.10 | 28.68 | OK | |
r-devel-linux-x86_64-fedora-clang | 0.4.0 | 56.35 | NOTE | |||
r-devel-linux-x86_64-fedora-gcc | 0.4.0 | 53.76 | OK | |||
r-devel-windows-x86_64 | 0.4.0 | 27.00 | 66.00 | 93.00 | OK | |
r-patched-linux-x86_64 | 0.4.0 | 2.68 | 32.81 | 35.49 | OK | |
r-release-linux-x86_64 | 0.4.0 | 2.22 | 32.41 | 34.63 | OK | |
r-release-macos-arm64 | 0.4.0 | 22.00 | OK | |||
r-release-macos-x86_64 | 0.4.0 | 34.00 | OK | |||
r-release-windows-x86_64 | 0.4.0 | 24.00 | 65.00 | 89.00 | OK | |
r-oldrel-macos-arm64 | 0.4.0 | 25.00 | OK | |||
r-oldrel-macos-x86_64 | 0.4.0 | 34.00 | OK | |||
r-oldrel-windows-ix86+x86_64 | 0.4.0 | 9.00 | 52.00 | 61.00 | OK |
Version: 0.4.0
Check: Rd cross-references
Result: NOTE
Undeclared package ‘httr’ in Rd xrefs
Flavor: r-devel-linux-x86_64-fedora-clang